Last updated on 2025-04-30 04:50:05 CEST.
Flavor | Version | Tinstall | Tcheck | Ttotal | Status | Flags |
---|---|---|---|---|---|---|
r-devel-linux-x86_64-debian-clang | 0.4.1 | 4.17 | 74.71 | 78.88 | NOTE | |
r-devel-linux-x86_64-debian-gcc | 0.4.1 | 2.87 | 52.01 | 54.88 | NOTE | |
r-devel-linux-x86_64-fedora-clang | 0.4.1 | 125.52 | OK | |||
r-devel-linux-x86_64-fedora-gcc | 0.4.1 | 136.21 | OK | |||
r-devel-windows-x86_64 | 0.4.1 | 7.00 | 117.00 | 124.00 | OK | |
r-patched-linux-x86_64 | 0.4.1 | 4.22 | 70.52 | 74.74 | OK | |
r-release-linux-x86_64 | 0.4.1 | 3.55 | 70.76 | 74.31 | OK | |
r-release-macos-arm64 | 0.4.1 | 47.00 | OK | |||
r-release-macos-x86_64 | 0.4.1 | 92.00 | OK | |||
r-release-windows-x86_64 | 0.4.1 | 7.00 | 112.00 | 119.00 | OK | |
r-oldrel-macos-arm64 | 0.4.1 | 44.00 | OK | |||
r-oldrel-macos-x86_64 | 0.4.1 | 70.00 | OK | |||
r-oldrel-windows-x86_64 | 0.4.1 | 7.00 | 126.00 | 133.00 | OK |
Version: 0.4.1
Check: CRAN incoming feasibility
Result: NOTE
Maintainer: ‘Daniel Mastropietro <mastropi@uwalumni.com>’
No Authors@R field in DESCRIPTION.
Please add one, modifying
Authors@R: person(given = "Daniel",
family = "Mastropietro",
role = c("aut", "cre"),
email = "mastropi@uwalumni.com")
as necessary.
Flavors: r-devel-linux-x86_64-debian-clang, r-devel-linux-x86_64-debian-gcc