Last updated on 2025-04-30 04:50:05 CEST.
Flavor | Version | Tinstall | Tcheck | Ttotal | Status | Flags |
---|---|---|---|---|---|---|
r-devel-linux-x86_64-debian-clang | 0.2.0 | 10.55 | 341.53 | 352.08 | NOTE | |
r-devel-linux-x86_64-debian-gcc | 0.2.0 | 6.39 | 227.69 | 234.08 | OK | |
r-devel-linux-x86_64-fedora-clang | 0.2.0 | 542.63 | OK | |||
r-devel-linux-x86_64-fedora-gcc | 0.2.0 | 528.93 | OK | |||
r-devel-windows-x86_64 | 0.2.0 | 11.00 | 294.00 | 305.00 | OK | |
r-patched-linux-x86_64 | 0.2.0 | 10.74 | 327.37 | 338.11 | OK | |
r-release-linux-x86_64 | 0.2.0 | 9.58 | 326.05 | 335.63 | OK | |
r-release-macos-arm64 | 0.2.0 | 159.00 | OK | |||
r-release-macos-x86_64 | 0.2.0 | 319.00 | OK | |||
r-release-windows-x86_64 | 0.2.0 | 11.00 | 285.00 | 296.00 | OK | |
r-oldrel-macos-arm64 | 0.2.0 | 155.00 | OK | |||
r-oldrel-macos-x86_64 | 0.2.0 | 298.00 | OK | |||
r-oldrel-windows-x86_64 | 0.2.0 | 15.00 | 407.00 | 422.00 | OK |
Version: 0.2.0
Check: examples
Result: NOTE
Examples with CPU (user + system) or elapsed time > 5s
user system elapsed
epicmodel_scc 4.218 0.054 6.034
Flavor: r-devel-linux-x86_64-debian-clang