CRAN Package Check Results for Package epigrowthfit

Last updated on 2025-04-30 04:50:05 CEST.

Flavor Version Tinstall Tcheck Ttotal Status Flags
r-devel-linux-x86_64-debian-clang 0.15.4 148.01 341.91 489.92 OK
r-devel-linux-x86_64-debian-gcc 0.15.4 134.96 274.42 409.38 OK
r-devel-linux-x86_64-fedora-clang 0.15.4 871.40 OK
r-devel-linux-x86_64-fedora-gcc 0.15.4 1035.77 OK
r-devel-windows-x86_64 0.15.4 153.00 515.00 668.00 OK
r-patched-linux-x86_64 0.15.4 181.10 398.65 579.75 OK
r-release-linux-x86_64 0.15.4 184.99 398.05 583.04 OK
r-release-macos-arm64 0.15.4 220.00 OK
r-release-macos-x86_64 0.15.4 503.00 OK
r-release-windows-x86_64 0.15.4 152.00 510.00 662.00 OK
r-oldrel-macos-arm64 0.15.4 193.00 NOTE
r-oldrel-macos-x86_64 0.15.4 466.00 NOTE
r-oldrel-windows-x86_64 0.15.4 175.00 664.00 839.00 NOTE

Check Details

Version: 0.15.4
Check: installed package size
Result: NOTE installed size is 94.2Mb sub-directories of 1Mb or more: libs 93.6Mb Flavors: r-oldrel-macos-arm64, r-oldrel-macos-x86_64, r-oldrel-windows-x86_64