Last updated on 2025-04-30 04:50:05 CEST.
Flavor | Version | Tinstall | Tcheck | Ttotal | Status | Flags |
---|---|---|---|---|---|---|
r-devel-linux-x86_64-debian-clang | 1.0-9 | 16.16 | 82.93 | 99.09 | NOTE | |
r-devel-linux-x86_64-debian-gcc | 1.0-9 | 10.27 | 57.62 | 67.89 | NOTE | |
r-devel-linux-x86_64-fedora-clang | 1.0-9 | 151.79 | OK | |||
r-devel-linux-x86_64-fedora-gcc | 1.0-9 | 135.63 | OK | |||
r-devel-windows-x86_64 | 1.0-9 | 17.00 | 103.00 | 120.00 | OK | |
r-patched-linux-x86_64 | 1.0-9 | 15.44 | 79.52 | 94.96 | OK | |
r-release-linux-x86_64 | 1.0-9 | 11.41 | 78.72 | 90.13 | OK | |
r-release-macos-arm64 | 1.0-9 | 44.00 | OK | |||
r-release-macos-x86_64 | 1.0-9 | 77.00 | OK | |||
r-release-windows-x86_64 | 1.0-9 | 19.00 | 104.00 | 123.00 | OK | |
r-oldrel-macos-arm64 | 1.0-9 | 43.00 | OK | |||
r-oldrel-macos-x86_64 | 1.0-9 | 68.00 | OK | |||
r-oldrel-windows-x86_64 | 1.0-9 | 22.00 | 127.00 | 149.00 | OK |
Version: 1.0-9
Check: CRAN incoming feasibility
Result: NOTE
Maintainer: ‘Ottar N. Bjornstad <onb1@psu.edu>’
The Description field contains
<https://link.springer.com/book/10.1007/978-3-319-97487-3>. The package
Please use permanent DOI markup for linking to publications as in <doi:prefix/suffix>.
Flavors: r-devel-linux-x86_64-debian-clang, r-devel-linux-x86_64-debian-gcc