CRAN Package Check Results for Package episcan

Last updated on 2025-02-21 03:52:11 CET.

Flavor Version Tinstall Tcheck Ttotal Status Flags
r-devel-linux-x86_64-debian-clang 0.0.1 1.69 23.98 25.67 NOTE
r-devel-linux-x86_64-debian-gcc 0.0.1 1.61 19.08 20.69 NOTE
r-devel-linux-x86_64-fedora-clang 0.0.1 43.05 NOTE
r-devel-linux-x86_64-fedora-gcc 0.0.1 55.70 NOTE
r-devel-macos-arm64 0.0.1 22.00 OK
r-devel-macos-x86_64 0.0.1 43.00 OK
r-devel-windows-x86_64 0.0.1 4.00 54.00 58.00 OK
r-patched-linux-x86_64 0.0.1 2.04 22.55 24.59 NOTE
r-release-linux-x86_64 0.0.1 1.71 22.74 24.45 NOTE
r-release-macos-arm64 0.0.1 25.00 NOTE
r-release-macos-x86_64 0.0.1 39.00 NOTE
r-release-windows-x86_64 0.0.1 3.00 47.00 50.00 NOTE
r-oldrel-macos-arm64 0.0.1 25.00 NOTE
r-oldrel-macos-x86_64 0.0.1 35.00 NOTE
r-oldrel-windows-x86_64 0.0.1 4.00 47.00 51.00 NOTE

Check Details

Version: 0.0.1
Check: for non-standard things in the check directory
Result: NOTE Found the following files/directories: ‘episcan_1geno_cc.txt’ ‘episcan_1geno_quant.txt’ ‘episcan_2geno_cc.txt’ ‘episcan_2geno_quant.txt’ Flavors: r-devel-linux-x86_64-debian-clang, r-devel-linux-x86_64-debian-gcc, r-devel-linux-x86_64-fedora-clang, r-devel-linux-x86_64-fedora-gcc, r-patched-linux-x86_64, r-release-linux-x86_64

Version: 0.0.1
Check: LazyData
Result: NOTE 'LazyData' is specified without a 'data' directory Flavors: r-patched-linux-x86_64, r-release-linux-x86_64, r-release-macos-arm64, r-release-macos-x86_64, r-release-windows-x86_64, r-oldrel-macos-arm64, r-oldrel-macos-x86_64, r-oldrel-windows-x86_64