Last updated on 2025-04-30 04:50:05 CEST.
Flavor | Version | Tinstall | Tcheck | Ttotal | Status | Flags |
---|---|---|---|---|---|---|
r-devel-linux-x86_64-debian-clang | 0.2.2 | 3.02 | 35.53 | 38.55 | NOTE | |
r-devel-linux-x86_64-debian-gcc | 0.2.2 | 2.48 | 27.32 | 29.80 | NOTE | |
r-devel-linux-x86_64-fedora-clang | 0.2.2 | 59.47 | OK | |||
r-devel-linux-x86_64-fedora-gcc | 0.2.2 | 70.18 | OK | |||
r-devel-windows-x86_64 | 0.2.2 | 5.00 | 59.00 | 64.00 | OK | |
r-patched-linux-x86_64 | 0.2.2 | 2.45 | 33.43 | 35.88 | OK | |
r-release-linux-x86_64 | 0.2.2 | 2.75 | 33.42 | 36.17 | OK | |
r-release-macos-arm64 | 0.2.2 | 35.00 | OK | |||
r-release-macos-x86_64 | 0.2.2 | 49.00 | OK | |||
r-release-windows-x86_64 | 0.2.2 | 5.00 | 58.00 | 63.00 | OK | |
r-oldrel-macos-arm64 | 0.2.2 | 27.00 | NOTE | |||
r-oldrel-macos-x86_64 | 0.2.2 | 42.00 | NOTE | |||
r-oldrel-windows-x86_64 | 0.2.2 | 5.00 | 62.00 | 67.00 | NOTE |
Version: 0.2.2
Check: CRAN incoming feasibility
Result: NOTE
Maintainer: ‘Stuart Lacy <stuart.lacy@york.ac.uk>’
No Authors@R field in DESCRIPTION.
Please add one, modifying
Authors@R: person(given = "Stuart",
family = "Lacy",
role = c("aut", "cre"),
email = "stuart.lacy@york.ac.uk")
as necessary.
Flavors: r-devel-linux-x86_64-debian-clang, r-devel-linux-x86_64-debian-gcc
Version: 0.2.2
Check: LazyData
Result: NOTE
'LazyData' is specified without a 'data' directory
Flavors: r-oldrel-macos-arm64, r-oldrel-macos-x86_64, r-oldrel-windows-x86_64