Last updated on 2025-04-30 04:50:05 CEST.
Flavor | Version | Tinstall | Tcheck | Ttotal | Status | Flags |
---|---|---|---|---|---|---|
r-devel-linux-x86_64-debian-clang | 0.8.1.0 | 95.26 | 89.34 | 184.60 | NOTE | |
r-devel-linux-x86_64-debian-gcc | 0.8.1.0 | 76.79 | 61.02 | 137.81 | NOTE | |
r-devel-linux-x86_64-fedora-clang | 0.8.1.0 | 340.72 | OK | |||
r-devel-linux-x86_64-fedora-gcc | 0.8.1.0 | 372.58 | OK | |||
r-devel-windows-x86_64 | 0.8.1.0 | 101.00 | 132.00 | 233.00 | OK | |
r-patched-linux-x86_64 | 0.8.1.0 | 106.93 | 78.83 | 185.76 | OK | |
r-release-linux-x86_64 | 0.8.1.0 | 103.95 | 78.58 | 182.53 | OK | |
r-release-macos-arm64 | 0.8.1.0 | 144.00 | OK | |||
r-release-macos-x86_64 | 0.8.1.0 | 186.00 | OK | |||
r-release-windows-x86_64 | 0.8.1.0 | 100.00 | 131.00 | 231.00 | OK | |
r-oldrel-macos-arm64 | 0.8.1.0 | 111.00 | NOTE | |||
r-oldrel-macos-x86_64 | 0.8.1.0 | 176.00 | NOTE | |||
r-oldrel-windows-x86_64 | 0.8.1.0 | 94.00 | 155.00 | 249.00 | NOTE |
Version: 0.8.1.0
Check: DESCRIPTION meta-information
Result: NOTE
Author field differs from that derived from Authors@R
Author: ‘George Vega Yon [aut] (<https://orcid.org/0000-0002-3171-0844>), Derek Meyer [aut] (<https://orcid.org/0009-0005-1350-6988>), Andrew Pulsipher [aut, cre] (<https://orcid.org/0000-0002-0773-3210>), Susan Holmes [rev] (JOSS reviewer, <https://orcid.org/0000-0002-2208-8168>), Abinash Satapathy [rev] (JOSS reviewer, <https://orcid.org/0000-0002-2955-2744>), Carinogurjao [rev], Centers for Disease Control and Prevention [fnd] (Award number 1U01CK000585; 75D30121F00003)’
Authors@R: ‘George Vega Yon [aut] (ORCID: <https://orcid.org/0000-0002-3171-0844>), Derek Meyer [aut] (ORCID: <https://orcid.org/0009-0005-1350-6988>), Andrew Pulsipher [aut, cre] (ORCID: <https://orcid.org/0000-0002-0773-3210>), Susan Holmes [rev] (what: JOSS reviewer, ORCID: <https://orcid.org/0000-0002-2208-8168>), Abinash Satapathy [rev] (what: JOSS reviewer, ORCID: <https://orcid.org/0000-0002-2955-2744>), Carinogurjao [rev], Centers for Disease Control and Prevention [fnd] (Award number 1U01CK000585; 75D30121F00003)’
Flavors: r-devel-linux-x86_64-debian-clang, r-devel-linux-x86_64-debian-gcc
Version: 0.8.1.0
Check: examples
Result: NOTE
Examples with CPU (user + system) or elapsed time > 5s
user system elapsed
LFMCMC 4.484 0.018 7.358
Flavor: r-devel-linux-x86_64-debian-clang
Version: 0.8.1.0
Check: installed package size
Result: NOTE
installed size is 19.5Mb
sub-directories of 1Mb or more:
doc 1.9Mb
libs 15.5Mb
Flavors: r-oldrel-macos-arm64, r-oldrel-macos-x86_64, r-oldrel-windows-x86_64