Last updated on 2025-04-30 04:50:05 CEST.
Flavor | Version | Tinstall | Tcheck | Ttotal | Status | Flags |
---|---|---|---|---|---|---|
r-devel-linux-x86_64-debian-clang | 0.16.3 | 59.54 | 283.52 | 343.06 | OK | |
r-devel-linux-x86_64-debian-gcc | 0.16.3 | 38.13 | 184.79 | 222.92 | OK | |
r-devel-linux-x86_64-fedora-clang | 0.16.3 | 551.34 | OK | |||
r-devel-linux-x86_64-fedora-gcc | 0.16.3 | 533.99 | OK | |||
r-devel-windows-x86_64 | 0.16.3 | 52.00 | 247.00 | 299.00 | OK | |
r-patched-linux-x86_64 | 0.16.3 | 60.23 | 254.36 | 314.59 | OK | |
r-release-linux-x86_64 | 0.16.3 | 53.12 | 250.51 | 303.63 | OK | |
r-release-macos-arm64 | 0.16.3 | 136.00 | OK | |||
r-release-macos-x86_64 | 0.16.3 | 260.00 | OK | |||
r-release-windows-x86_64 | 0.16.3 | 55.00 | 260.00 | 315.00 | OK | |
r-oldrel-macos-arm64 | 0.16.3 | 125.00 | NOTE | |||
r-oldrel-macos-x86_64 | 0.16.3 | 251.00 | NOTE | |||
r-oldrel-windows-x86_64 | 0.16.3 | 63.00 | 319.00 | 382.00 | OK |
Version: 0.16.3
Check: installed package size
Result: NOTE
installed size is 5.4Mb
sub-directories of 1Mb or more:
R 4.3Mb
Flavors: r-oldrel-macos-arm64, r-oldrel-macos-x86_64