Last updated on 2025-04-30 04:50:05 CEST.
Flavor | Version | Tinstall | Tcheck | Ttotal | Status | Flags |
---|---|---|---|---|---|---|
r-devel-linux-x86_64-debian-clang | 1.1.4 | 23.14 | 95.32 | 118.46 | NOTE | |
r-devel-linux-x86_64-debian-gcc | 1.1.4 | 17.56 | 62.64 | 80.20 | NOTE | |
r-devel-linux-x86_64-fedora-clang | 1.1.4 | 212.62 | OK | |||
r-devel-linux-x86_64-fedora-gcc | 1.1.4 | 210.25 | OK | |||
r-devel-windows-x86_64 | 1.1.4 | 27.00 | 136.00 | 163.00 | OK | |
r-patched-linux-x86_64 | 1.1.4 | 23.96 | 93.50 | 117.46 | OK | |
r-release-linux-x86_64 | 1.1.4 | 24.20 | 92.41 | 116.61 | OK | |
r-release-macos-arm64 | 1.1.4 | 66.00 | OK | |||
r-release-macos-x86_64 | 1.1.4 | 111.00 | OK | |||
r-release-windows-x86_64 | 1.1.4 | 29.00 | 137.00 | 166.00 | OK | |
r-oldrel-macos-arm64 | 1.1.4 | 53.00 | OK | |||
r-oldrel-macos-x86_64 | 1.1.4 | 144.00 | OK | |||
r-oldrel-windows-x86_64 | 1.1.4 | 32.00 | 161.00 | 193.00 | OK |
Version: 1.1.4
Check: examples
Result: NOTE
Examples with CPU (user + system) or elapsed time > 5s
user system elapsed
createEPMgrid 10.356 0.212 11.981
summarizeEpmGridList 6.412 0.134 6.957
rasterToGrid 5.087 0.019 5.940
Flavor: r-devel-linux-x86_64-debian-clang
Version: 1.1.4
Check: examples
Result: NOTE
Examples with CPU (user + system) or elapsed time > 5s
user system elapsed
createEPMgrid 6.126 0.175 7.426
summarizeEpmGridList 3.845 0.116 5.159
Flavor: r-devel-linux-x86_64-debian-gcc