Last updated on 2025-04-29 04:50:01 CEST.
Flavor | Version | Tinstall | Tcheck | Ttotal | Status | Flags |
---|---|---|---|---|---|---|
r-devel-linux-x86_64-debian-clang | 0.1.0 | 1.56 | 18.87 | 20.43 | OK | |
r-devel-linux-x86_64-debian-gcc | 0.1.0 | 1.38 | 16.56 | 17.94 | NOTE | |
r-devel-linux-x86_64-fedora-clang | 0.1.0 | 32.67 | OK | |||
r-devel-linux-x86_64-fedora-gcc | 0.1.0 | 31.11 | OK | |||
r-devel-windows-x86_64 | 0.1.0 | 2.00 | 42.00 | 44.00 | OK | |
r-patched-linux-x86_64 | 0.1.0 | 1.78 | 18.42 | 20.20 | OK | |
r-release-linux-x86_64 | 0.1.0 | 1.65 | 18.25 | 19.90 | OK | |
r-release-macos-arm64 | 0.1.0 | 16.00 | OK | |||
r-release-macos-x86_64 | 0.1.0 | 30.00 | OK | |||
r-release-windows-x86_64 | 0.1.0 | 4.00 | 44.00 | 48.00 | OK | |
r-oldrel-macos-arm64 | 0.1.0 | 15.00 | OK | |||
r-oldrel-macos-x86_64 | 0.1.0 | 22.00 | OK | |||
r-oldrel-windows-x86_64 | 0.1.0 | 3.00 | 42.00 | 45.00 | OK |
Version: 0.1.0
Check: CRAN incoming feasibility
Result: NOTE
Maintainer: ‘Steven E. Pav <shabbychef@gmail.com>’
Package CITATION file contains call(s) to old-style citEntry(). Please
use bibentry() instead.
Flavor: r-devel-linux-x86_64-debian-gcc