CRAN Package Check Results for Package equate

Last updated on 2025-04-30 04:50:05 CEST.

Flavor Version Tinstall Tcheck Ttotal Status Flags
r-devel-linux-x86_64-debian-clang 2.0.8 4.76 80.49 85.25 NOTE
r-devel-linux-x86_64-debian-gcc 2.0.8 3.22 56.87 60.09 NOTE
r-devel-linux-x86_64-fedora-clang 2.0.8 144.64 NOTE
r-devel-linux-x86_64-fedora-gcc 2.0.8 147.35 NOTE
r-devel-windows-x86_64 2.0.8 7.00 96.00 103.00 NOTE
r-patched-linux-x86_64 2.0.8 5.36 76.44 81.80 NOTE
r-release-linux-x86_64 2.0.8 4.38 77.63 82.01 NOTE
r-release-macos-arm64 2.0.8 43.00 NOTE
r-release-macos-x86_64 2.0.8 91.00 NOTE
r-release-windows-x86_64 2.0.8 7.00 96.00 103.00 NOTE
r-oldrel-macos-arm64 2.0.8 40.00 NOTE
r-oldrel-macos-x86_64 2.0.8 63.00 NOTE
r-oldrel-windows-x86_64 2.0.8 7.00 106.00 113.00 NOTE

Check Details

Version: 2.0.8
Check: CRAN incoming feasibility
Result: NOTE Maintainer: ‘Anthony Albano <tony.d.albano@gmail.com>’ No Authors@R field in DESCRIPTION. Please add one, modifying Authors@R: person(given = "Anthony", family = "Albano", role = c("aut", "cre"), email = "tony.d.albano@gmail.com") as necessary. Flavors: r-devel-linux-x86_64-debian-clang, r-devel-linux-x86_64-debian-gcc

Version: 2.0.8
Check: package subdirectories
Result: NOTE Problems with news in ‘NEWS.md’: No news entries found. Flavors: r-devel-linux-x86_64-debian-clang, r-devel-linux-x86_64-debian-gcc, r-devel-linux-x86_64-fedora-clang, r-devel-linux-x86_64-fedora-gcc, r-devel-windows-x86_64, r-patched-linux-x86_64, r-release-linux-x86_64, r-release-macos-arm64, r-release-macos-x86_64, r-release-windows-x86_64, r-oldrel-macos-arm64, r-oldrel-macos-x86_64, r-oldrel-windows-x86_64