Last updated on 2025-04-30 04:50:05 CEST.
Flavor | Version | Tinstall | Tcheck | Ttotal | Status | Flags |
---|---|---|---|---|---|---|
r-devel-linux-x86_64-debian-clang | 2.5.1 | 17.22 | 191.65 | 208.87 | NOTE | |
r-devel-linux-x86_64-debian-gcc | 2.5.1 | 10.84 | 140.33 | 151.17 | OK | |
r-devel-linux-x86_64-fedora-clang | 2.5.1 | 325.04 | OK | |||
r-devel-linux-x86_64-fedora-gcc | 2.5.1 | 349.25 | OK | |||
r-devel-windows-x86_64 | 2.5.1 | 15.00 | 228.00 | 243.00 | OK | |
r-patched-linux-x86_64 | 2.5.1 | 15.95 | 188.40 | 204.35 | OK | |
r-release-linux-x86_64 | 2.5.1 | 16.80 | 189.18 | 205.98 | OK | |
r-release-macos-arm64 | 2.5.1 | 111.00 | OK | |||
r-release-macos-x86_64 | 2.5.1 | 307.00 | OK | |||
r-release-windows-x86_64 | 2.5.1 | 20.00 | 235.00 | 255.00 | OK | |
r-oldrel-macos-arm64 | 2.5.1 | 92.00 | OK | |||
r-oldrel-macos-x86_64 | 2.5.1 | 149.00 | OK | |||
r-oldrel-windows-x86_64 | 2.5.1 | 21.00 | 283.00 | 304.00 | OK |
Version: 2.5.1
Check: examples
Result: NOTE
Examples with CPU (user + system) or elapsed time > 5s
user system elapsed
dif.test 3.347 0.096 5.208
Flavor: r-devel-linux-x86_64-debian-clang