Last updated on 2025-04-30 04:50:05 CEST.
Flavor | Version | Tinstall | Tcheck | Ttotal | Status | Flags |
---|---|---|---|---|---|---|
r-devel-linux-x86_64-debian-clang | 0.1-2 | 7.27 | 51.60 | 58.87 | NOTE | |
r-devel-linux-x86_64-debian-gcc | 0.1-2 | 5.57 | 37.55 | 43.12 | OK | |
r-devel-linux-x86_64-fedora-clang | 0.1-2 | 96.26 | OK | |||
r-devel-linux-x86_64-fedora-gcc | 0.1-2 | 87.86 | OK | |||
r-devel-windows-x86_64 | 0.1-2 | 15.00 | 74.00 | 89.00 | OK | |
r-patched-linux-x86_64 | 0.1-2 | 8.07 | 47.94 | 56.01 | OK | |
r-release-linux-x86_64 | 0.1-2 | 8.57 | 49.16 | 57.73 | OK | |
r-release-macos-arm64 | 0.1-2 | 32.00 | OK | |||
r-release-macos-x86_64 | 0.1-2 | 54.00 | OK | |||
r-release-windows-x86_64 | 0.1-2 | 15.00 | 72.00 | 87.00 | OK | |
r-oldrel-macos-arm64 | 0.1-2 | 32.00 | OK | |||
r-oldrel-macos-x86_64 | 0.1-2 | 52.00 | OK | |||
r-oldrel-windows-x86_64 | 0.1-2 | 16.00 | 84.00 | 100.00 | OK |
Version: 0.1-2
Check: examples
Result: NOTE
Examples with CPU (user + system) or elapsed time > 5s
user system elapsed
EGPRateEst 5.915 0.107 7.763
Flavor: r-devel-linux-x86_64-debian-clang