CRAN Package Check Results for Package ergmito

Last updated on 2025-04-30 04:50:05 CEST.

Flavor Version Tinstall Tcheck Ttotal Status Flags
r-devel-linux-x86_64-debian-clang 0.3-1 83.49 176.59 260.08 NOTE
r-devel-linux-x86_64-debian-gcc 0.3-1 59.44 121.60 181.04 NOTE
r-devel-linux-x86_64-fedora-clang 0.3-1 456.22 OK
r-devel-linux-x86_64-fedora-gcc 0.3-1 430.32 OK
r-devel-windows-x86_64 0.3-1 89.00 199.00 288.00 NOTE
r-patched-linux-x86_64 0.3-1 86.25 166.41 252.66 NOTE
r-release-linux-x86_64 0.3-1 84.27 166.42 250.69 NOTE
r-release-macos-arm64 0.3-1 156.00 OK
r-release-macos-x86_64 0.3-1 218.00 OK
r-release-windows-x86_64 0.3-1 89.00 193.00 282.00 NOTE
r-oldrel-macos-arm64 0.3-1 121.00 NOTE
r-oldrel-macos-x86_64 0.3-1 194.00 NOTE
r-oldrel-windows-x86_64 0.3-1 110.00 267.00 377.00 OK

Check Details

Version: 0.3-1
Check: Rd cross-references
Result: NOTE Found the following Rd file(s) with Rd \link{} targets missing package anchors: nvertex.Rd: network Please provide package anchors for all Rd \link{} targets not in the package itself and the base packages. Flavors: r-devel-linux-x86_64-debian-clang, r-devel-linux-x86_64-debian-gcc, r-devel-windows-x86_64, r-patched-linux-x86_64, r-release-linux-x86_64, r-release-windows-x86_64

Version: 0.3-1
Check: examples
Result: NOTE Examples with CPU (user + system) or elapsed time > 5s user system elapsed count_stats 8.431 0.07 11.437 as_adjmat 5.941 0.15 6.592 Flavor: r-devel-linux-x86_64-debian-clang

Version: 0.3-1
Check: examples
Result: NOTE Examples with CPU (user + system) or elapsed time > 5s user system elapsed count_stats 5.616 0.135 6.527 Flavor: r-devel-linux-x86_64-debian-gcc

Version: 0.3-1
Check: installed package size
Result: NOTE installed size is 5.6Mb sub-directories of 1Mb or more: libs 4.2Mb Flavors: r-oldrel-macos-arm64, r-oldrel-macos-x86_64