Last updated on 2025-04-30 04:50:05 CEST.
Flavor | Version | Tinstall | Tcheck | Ttotal | Status | Flags |
---|---|---|---|---|---|---|
r-devel-linux-x86_64-debian-clang | 2.1.2 | 7.75 | 208.15 | 215.90 | NOTE | |
r-devel-linux-x86_64-debian-gcc | 2.1.2 | 4.48 | 129.25 | 133.73 | OK | |
r-devel-linux-x86_64-fedora-clang | 2.1.2 | 366.15 | OK | |||
r-devel-linux-x86_64-fedora-gcc | 2.1.2 | 350.46 | OK | |||
r-devel-windows-x86_64 | 2.1.2 | 10.00 | 225.00 | 235.00 | OK | |
r-patched-linux-x86_64 | 2.1.2 | 8.20 | 201.58 | 209.78 | OK | |
r-release-linux-x86_64 | 2.1.2 | 7.89 | 203.55 | 211.44 | OK | |
r-release-macos-arm64 | 2.1.2 | 111.00 | OK | |||
r-release-macos-x86_64 | 2.1.2 | 240.00 | OK | |||
r-release-windows-x86_64 | 2.1.2 | 11.00 | 221.00 | 232.00 | OK | |
r-oldrel-macos-arm64 | 2.1.2 | 106.00 | OK | |||
r-oldrel-macos-x86_64 | 2.1.2 | 264.00 | OK | |||
r-oldrel-windows-x86_64 | 2.1.2 | 11.00 | 299.00 | 310.00 | OK |
Version: 2.1.2
Check: examples
Result: NOTE
Examples with CPU (user + system) or elapsed time > 5s
user system elapsed
agg_to_daily 6.109 0.129 7.759
estimate_R_ww 4.366 0.188 6.090
plot_diagnostic_ww 3.682 0.035 6.370
Flavor: r-devel-linux-x86_64-debian-clang