CRAN Package Check Results for Package ernm

Last updated on 2025-04-30 04:50:05 CEST.

Flavor Version Tinstall Tcheck Ttotal Status Flags
r-devel-linux-x86_64-debian-clang 1.0.0 187.91 112.78 300.69 OK
r-devel-linux-x86_64-debian-gcc 1.0.0 160.87 74.71 235.58 OK
r-devel-linux-x86_64-fedora-clang 1.0.0 472.37 OK
r-devel-linux-x86_64-fedora-gcc 1.0.0 589.79 OK
r-devel-windows-x86_64 1.0.0 229.00 166.00 395.00 OK
r-patched-linux-x86_64 1.0.0 230.82 106.79 337.61 OK
r-release-linux-x86_64 1.0.0 228.63 106.15 334.78 OK
r-release-macos-arm64 1.0.0 125.00 OK
r-release-macos-x86_64 1.0.0 216.00 OK
r-release-windows-x86_64 1.0.0 238.00 152.00 390.00 OK
r-oldrel-macos-arm64 1.0.0 159.00 NOTE
r-oldrel-macos-x86_64 1.0.0 194.00 NOTE
r-oldrel-windows-x86_64 1.0.0 256.00 209.00 465.00 OK

Additional issues

rchk

Check Details

Version: 1.0.0
Check: installed package size
Result: NOTE installed size is 30.5Mb sub-directories of 1Mb or more: libs 29.7Mb Flavors: r-oldrel-macos-arm64, r-oldrel-macos-x86_64