CRAN Package Check Results for Package erp.easy

Last updated on 2025-04-30 04:50:05 CEST.

Flavor Version Tinstall Tcheck Ttotal Status Flags
r-devel-linux-x86_64-debian-clang 1.1.0 2.09 27.12 29.21 OK
r-devel-linux-x86_64-debian-gcc 1.1.0 2.31 20.42 22.73 OK
r-devel-linux-x86_64-fedora-clang 1.1.0 47.36 NOTE
r-devel-linux-x86_64-fedora-gcc 1.1.0 44.95 NOTE
r-devel-windows-x86_64 1.1.0 4.00 52.00 56.00 OK
r-patched-linux-x86_64 1.1.0 3.52 26.00 29.52 OK
r-release-linux-x86_64 1.1.0 3.04 25.69 28.73 OK
r-release-macos-arm64 1.1.0 21.00 OK
r-release-macos-x86_64 1.1.0 35.00 OK
r-release-windows-x86_64 1.1.0 4.00 51.00 55.00 OK
r-oldrel-macos-arm64 1.1.0 18.00 OK
r-oldrel-macos-x86_64 1.1.0 26.00 OK
r-oldrel-windows-x86_64 1.1.0 5.00 53.00 58.00 OK

Check Details

Version: 1.1.0
Check: dependencies in R code
Result: NOTE Namespace in Imports field not imported from: ‘signal’ All declared Imports should be used. Flavors: r-devel-linux-x86_64-fedora-clang, r-devel-linux-x86_64-fedora-gcc