CRAN Package Check Results for Package errum

Last updated on 2025-04-30 04:50:05 CEST.

Flavor Version Tinstall Tcheck Ttotal Status Flags
r-devel-linux-x86_64-debian-clang 0.0.3 24.08 26.23 50.31 NOTE
r-devel-linux-x86_64-debian-gcc 0.0.3 18.14 20.63 38.77 NOTE
r-devel-linux-x86_64-fedora-clang 0.0.3 86.35 NOTE
r-devel-linux-x86_64-fedora-gcc 0.0.3 87.35 NOTE
r-devel-windows-x86_64 0.0.3 30.00 67.00 97.00 NOTE
r-patched-linux-x86_64 0.0.3 27.03 24.45 51.48 NOTE
r-release-linux-x86_64 0.0.3 24.95 24.31 49.26 NOTE
r-release-macos-arm64 0.0.3 30.00 NOTE
r-release-macos-x86_64 0.0.3 43.00 NOTE
r-release-windows-x86_64 0.0.3 30.00 72.00 102.00 NOTE
r-oldrel-macos-arm64 0.0.3 28.00 NOTE
r-oldrel-macos-x86_64 0.0.3 36.00 NOTE
r-oldrel-windows-x86_64 0.0.3 34.00 79.00 113.00 NOTE

Check Details

Version: 0.0.3
Check: CRAN incoming feasibility
Result: NOTE Maintainer: ‘James Joseph Balamuta <balamut2@illinois.edu>’ Package CITATION file contains call(s) to old-style personList() or as.personList(). Please use c() on person objects instead. Package CITATION file contains call(s) to old-style citEntry(). Please use bibentry() instead. Flavors: r-devel-linux-x86_64-debian-clang, r-devel-linux-x86_64-debian-gcc

Version: 0.0.3
Check: C++ specification
Result: NOTE Specified C++11: please drop specification unless essential Flavors: r-devel-linux-x86_64-debian-clang, r-devel-linux-x86_64-debian-gcc, r-devel-linux-x86_64-fedora-clang, r-devel-linux-x86_64-fedora-gcc, r-devel-windows-x86_64, r-patched-linux-x86_64, r-release-linux-x86_64, r-release-macos-arm64, r-release-macos-x86_64, r-release-windows-x86_64, r-oldrel-macos-arm64, r-oldrel-macos-x86_64, r-oldrel-windows-x86_64

Version: 0.0.3
Check: LazyData
Result: NOTE 'LazyData' is specified without a 'data' directory Flavors: r-oldrel-macos-arm64, r-oldrel-macos-x86_64, r-oldrel-windows-x86_64