CRAN Package Check Results for Package escalation

Last updated on 2025-04-30 04:50:05 CEST.

Flavor Version Tinstall Tcheck Ttotal Status Flags
r-devel-linux-x86_64-debian-clang 0.1.10 34.36 871.97 906.33 OK
r-devel-linux-x86_64-debian-gcc 0.1.10 26.76 575.28 602.04 OK
r-devel-linux-x86_64-fedora-clang 0.1.10 1539.05 OK
r-devel-linux-x86_64-fedora-gcc 0.1.10 1454.78 OK
r-devel-windows-x86_64 0.1.10 30.00 814.00 844.00 OK
r-patched-linux-x86_64 0.1.10 38.62 836.54 875.16 OK
r-release-linux-x86_64 0.1.10 36.59 835.86 872.45 OK
r-release-macos-arm64 0.1.10 386.00 OK
r-release-macos-x86_64 0.1.10 948.00 OK
r-release-windows-x86_64 0.1.10 30.00 806.00 836.00 OK
r-oldrel-macos-arm64 0.1.10 354.00 NOTE
r-oldrel-macos-x86_64 0.1.10 927.00 NOTE
r-oldrel-windows-x86_64 0.1.10 41.00 1026.00 1067.00 NOTE

Check Details

Version: 0.1.10
Check: installed package size
Result: NOTE installed size is 14.1Mb sub-directories of 1Mb or more: doc 13.3Mb Flavors: r-oldrel-macos-arm64, r-oldrel-macos-x86_64, r-oldrel-windows-x86_64