Last updated on 2025-04-30 04:50:05 CEST.
Flavor | Version | Tinstall | Tcheck | Ttotal | Status | Flags |
---|---|---|---|---|---|---|
r-devel-linux-x86_64-debian-clang | 1.0.7 | 71.06 | 257.22 | 328.28 | NOTE | |
r-devel-linux-x86_64-debian-gcc | 1.0.7 | 42.02 | 164.37 | 206.39 | OK | |
r-devel-linux-x86_64-fedora-clang | 1.0.7 | 528.98 | OK | |||
r-devel-linux-x86_64-fedora-gcc | 1.0.7 | 512.01 | OK | |||
r-devel-windows-x86_64 | 1.0.7 | 69.00 | 243.00 | 312.00 | OK | |
r-patched-linux-x86_64 | 1.0.7 | 78.50 | 236.70 | 315.20 | OK | |
r-release-linux-x86_64 | 1.0.7 | 72.45 | 237.82 | 310.27 | OK | |
r-release-macos-arm64 | 1.0.7 | 118.00 | OK | |||
r-release-macos-x86_64 | 1.0.7 | 189.00 | OK | |||
r-release-windows-x86_64 | 1.0.7 | 70.00 | 241.00 | 311.00 | OK | |
r-oldrel-macos-arm64 | 1.0.7 | 103.00 | OK | |||
r-oldrel-macos-x86_64 | 1.0.7 | 241.00 | OK | |||
r-oldrel-windows-x86_64 | 1.0.7 | 89.00 | 319.00 | 408.00 | OK |
Version: 1.0.7
Check: examples
Result: NOTE
Examples with CPU (user + system) or elapsed time > 5s
user system elapsed
plot_meta 4.826 0.001 6.672
meta_mdiff_two 4.747 0.012 6.520
Flavor: r-devel-linux-x86_64-debian-clang