CRAN Package Check Results for Package esem

Last updated on 2025-04-30 04:50:05 CEST.

Flavor Version Tinstall Tcheck Ttotal Status Flags
r-devel-linux-x86_64-debian-clang 2.0.0 4.17 41.91 46.08 NOTE
r-devel-linux-x86_64-debian-gcc 2.0.0 2.64 31.49 34.13 NOTE
r-devel-linux-x86_64-fedora-clang 2.0.0 75.51 NOTE
r-devel-linux-x86_64-fedora-gcc 2.0.0 82.99 NOTE
r-devel-windows-x86_64 2.0.0 7.00 70.00 77.00 NOTE
r-patched-linux-x86_64 2.0.0 4.56 40.12 44.68 NOTE
r-release-linux-x86_64 2.0.0 4.84 39.45 44.29 NOTE
r-release-macos-arm64 2.0.0 40.00 NOTE
r-release-macos-x86_64 2.0.0 59.00 NOTE
r-release-windows-x86_64 2.0.0 7.00 67.00 74.00 NOTE
r-oldrel-macos-arm64 2.0.0 33.00 OK
r-oldrel-macos-x86_64 2.0.0 46.00 OK
r-oldrel-windows-x86_64 2.0.0 8.00 74.00 82.00 OK

Check Details

Version: 2.0.0
Check: DESCRIPTION meta-information
Result: NOTE Missing dependency on R >= 4.1.0 because package code uses the pipe |> or function shorthand \(...) syntax added in R 4.1.0. File(s) using such syntax: ‘esem_cfa_syntax.R’ Flavors: r-devel-linux-x86_64-debian-clang, r-devel-linux-x86_64-debian-gcc, r-devel-linux-x86_64-fedora-clang, r-devel-linux-x86_64-fedora-gcc, r-devel-windows-x86_64, r-patched-linux-x86_64, r-release-linux-x86_64, r-release-macos-arm64, r-release-macos-x86_64, r-release-windows-x86_64