Last updated on 2025-04-30 04:50:05 CEST.
Flavor | Version | Tinstall | Tcheck | Ttotal | Status | Flags |
---|---|---|---|---|---|---|
r-devel-linux-x86_64-debian-clang | 1.11.0 | 108.65 | 376.41 | 485.06 | OK | |
r-devel-linux-x86_64-debian-gcc | 1.11.0 | 73.38 | 274.65 | 348.03 | OK | |
r-devel-linux-x86_64-fedora-clang | 1.11.0 | 841.81 | OK | |||
r-devel-linux-x86_64-fedora-gcc | 1.11.0 | 819.70 | OK | |||
r-devel-windows-x86_64 | 1.11.0 | 112.00 | 367.00 | 479.00 | OK | |
r-patched-linux-x86_64 | 1.11.0 | 103.84 | 360.78 | 464.62 | OK | |
r-release-linux-x86_64 | 1.11.0 | 100.23 | 356.88 | 457.11 | OK | |
r-release-macos-arm64 | 1.11.0 | 177.00 | OK | |||
r-release-macos-x86_64 | 1.11.0 | 376.00 | OK | |||
r-release-windows-x86_64 | 1.11.0 | 117.00 | 421.00 | 538.00 | OK | |
r-oldrel-macos-arm64 | 1.11.0 | 275.00 | NOTE | |||
r-oldrel-macos-x86_64 | 1.11.0 | 471.00 | NOTE | |||
r-oldrel-windows-x86_64 | 1.11.0 | 127.00 | 465.00 | 592.00 | OK |
Version: 1.11.0
Check: installed package size
Result: NOTE
installed size is 5.6Mb
sub-directories of 1Mb or more:
R 2.1Mb
libs 2.5Mb
Flavors: r-oldrel-macos-arm64, r-oldrel-macos-x86_64