Last updated on 2025-04-30 04:50:05 CEST.
Flavor | Version | Tinstall | Tcheck | Ttotal | Status | Flags |
---|---|---|---|---|---|---|
r-devel-linux-x86_64-debian-clang | 2.1.0 | 12.74 | 99.15 | 111.89 | NOTE | |
r-devel-linux-x86_64-debian-gcc | 2.1.0 | 7.42 | 67.28 | 74.70 | OK | |
r-devel-linux-x86_64-fedora-clang | 2.1.0 | 179.30 | OK | |||
r-devel-linux-x86_64-fedora-gcc | 2.1.0 | 160.39 | OK | |||
r-devel-windows-x86_64 | 2.1.0 | 14.00 | 119.00 | 133.00 | OK | |
r-patched-linux-x86_64 | 2.1.0 | 9.89 | 88.91 | 98.80 | OK | |
r-release-linux-x86_64 | 2.1.0 | 10.57 | 91.22 | 101.79 | OK | |
r-release-macos-arm64 | 2.1.0 | 71.00 | OK | |||
r-release-macos-x86_64 | 2.1.0 | 97.00 | OK | |||
r-release-windows-x86_64 | 2.1.0 | 14.00 | 112.00 | 126.00 | OK | |
r-oldrel-macos-arm64 | 2.1.0 | 58.00 | OK | |||
r-oldrel-macos-x86_64 | 2.1.0 | 87.00 | OK | |||
r-oldrel-windows-x86_64 | 2.1.0 | 18.00 | 140.00 | 158.00 | OK |
Version: 2.1.0
Check: examples
Result: NOTE
Examples with CPU (user + system) or elapsed time > 5s
user system elapsed
esquisse-module 5.528 0.166 6.85
Flavor: r-devel-linux-x86_64-debian-clang