CRAN Package Check Results for Package essurvey

Last updated on 2025-04-30 04:50:05 CEST.

Flavor Version Tinstall Tcheck Ttotal Status Flags
r-devel-linux-x86_64-debian-clang 1.0.8 2.31 29.14 31.45 NOTE
r-devel-linux-x86_64-debian-gcc 1.0.8 1.65 22.93 24.58 NOTE
r-devel-linux-x86_64-fedora-clang 1.0.8 48.43 OK
r-devel-linux-x86_64-fedora-gcc 1.0.8 57.68 OK
r-devel-windows-x86_64 1.0.8 3.00 56.00 59.00 OK
r-patched-linux-x86_64 1.0.8 2.39 26.84 29.23 OK
r-release-linux-x86_64 1.0.8 2.43 26.40 28.83 OK
r-release-macos-arm64 1.0.8 31.00 OK
r-release-macos-x86_64 1.0.8 49.00 OK
r-release-windows-x86_64 1.0.8 4.00 57.00 61.00 OK
r-oldrel-macos-arm64 1.0.8 27.00 OK
r-oldrel-macos-x86_64 1.0.8 41.00 OK
r-oldrel-windows-x86_64 1.0.8 4.00 55.00 59.00 OK

Check Details

Version: 1.0.8
Check: CRAN incoming feasibility
Result: NOTE Maintainer: ‘Jorge Cimentada <cimentadaj@gmail.com>’ Package CITATION file contains call(s) to old-style citEntry(). Please use bibentry() instead. Flavors: r-devel-linux-x86_64-debian-clang, r-devel-linux-x86_64-debian-gcc