Last updated on 2025-04-30 04:50:05 CEST.
Flavor | Version | Tinstall | Tcheck | Ttotal | Status | Flags |
---|---|---|---|---|---|---|
r-devel-linux-x86_64-debian-clang | 1.0.6 | 77.68 | 123.94 | 201.62 | OK | |
r-devel-linux-x86_64-debian-gcc | 1.0.6 | 65.71 | 91.74 | 157.45 | OK | |
r-devel-linux-x86_64-fedora-clang | 1.0.6 | 349.65 | OK | |||
r-devel-linux-x86_64-fedora-gcc | 1.0.6 | 389.11 | OK | |||
r-devel-windows-x86_64 | 1.0.6 | 83.00 | 148.00 | 231.00 | OK | |
r-patched-linux-x86_64 | 1.0.6 | 89.17 | 126.76 | 215.93 | OK | |
r-release-linux-x86_64 | 1.0.6 | 86.48 | 127.02 | 213.50 | OK | |
r-release-macos-arm64 | 1.0.6 | 87.00 | OK | |||
r-release-macos-x86_64 | 1.0.6 | 181.00 | OK | |||
r-release-windows-x86_64 | 1.0.6 | 84.00 | 144.00 | 228.00 | OK | |
r-oldrel-macos-arm64 | 1.0.6 | 104.00 | NOTE | |||
r-oldrel-macos-x86_64 | 1.0.6 | 197.00 | NOTE | |||
r-oldrel-windows-x86_64 | 1.0.6 | 96.00 | 189.00 | 285.00 | OK |
Version: 1.0.6
Check: installed package size
Result: NOTE
installed size is 39.9Mb
sub-directories of 1Mb or more:
libs 39.6Mb
Flavors: r-oldrel-macos-arm64, r-oldrel-macos-x86_64