Last updated on 2025-04-30 04:50:05 CEST.
Flavor | Version | Tinstall | Tcheck | Ttotal | Status | Flags |
---|---|---|---|---|---|---|
r-devel-linux-x86_64-debian-clang | 1.0.1 | 3.19 | 42.75 | 45.94 | NOTE | |
r-devel-linux-x86_64-debian-gcc | 1.0.1 | 2.26 | 30.32 | 32.58 | OK | |
r-devel-linux-x86_64-fedora-clang | 1.0.1 | 71.23 | OK | |||
r-devel-linux-x86_64-fedora-gcc | 1.0.1 | 68.31 | OK | |||
r-devel-windows-x86_64 | 1.0.1 | 4.00 | 75.00 | 79.00 | OK | |
r-patched-linux-x86_64 | 1.0.1 | 3.03 | 40.25 | 43.28 | OK | |
r-release-linux-x86_64 | 1.0.1 | 2.91 | 40.78 | 43.69 | OK | |
r-release-macos-arm64 | 1.0.1 | 27.00 | OK | |||
r-release-macos-x86_64 | 1.0.1 | 62.00 | OK | |||
r-release-windows-x86_64 | 1.0.1 | 5.00 | 72.00 | 77.00 | OK | |
r-oldrel-macos-arm64 | 1.0.1 | 24.00 | OK | |||
r-oldrel-macos-x86_64 | 1.0.1 | 37.00 | OK | |||
r-oldrel-windows-x86_64 | 1.0.1 | 5.00 | 74.00 | 79.00 | OK |
Version: 1.0.1
Check: examples
Result: NOTE
Examples with CPU (user + system) or elapsed time > 5s
user system elapsed
get_SE.qe.mean.sd 7.062 0.000 8.409
get_SE.mln.mean.sd 5.343 0.012 5.598
Flavor: r-devel-linux-x86_64-debian-clang