Last updated on 2025-04-30 04:50:05 CEST.
Flavor | Version | Tinstall | Tcheck | Ttotal | Status | Flags |
---|---|---|---|---|---|---|
r-devel-linux-x86_64-debian-clang | 1.2 | 2.55 | 31.83 | 34.38 | NOTE | |
r-devel-linux-x86_64-debian-gcc | 1.2 | 1.96 | 24.30 | 26.26 | NOTE | |
r-devel-linux-x86_64-fedora-clang | 1.2 | 51.15 | OK | |||
r-devel-linux-x86_64-fedora-gcc | 1.2 | 52.41 | OK | |||
r-devel-windows-x86_64 | 1.2 | 3.00 | 61.00 | 64.00 | OK | |
r-patched-linux-x86_64 | 1.2 | 2.70 | 30.89 | 33.59 | OK | |
r-release-linux-x86_64 | 1.2 | 1.89 | 30.28 | 32.17 | OK | |
r-release-macos-arm64 | 1.2 | 21.00 | OK | |||
r-release-macos-x86_64 | 1.2 | 41.00 | OK | |||
r-release-windows-x86_64 | 1.2 | 4.00 | 58.00 | 62.00 | OK | |
r-oldrel-macos-arm64 | 1.2 | 21.00 | OK | |||
r-oldrel-macos-x86_64 | 1.2 | 33.00 | OK | |||
r-oldrel-windows-x86_64 | 1.2 | 4.00 | 64.00 | 68.00 | OK |
Version: 1.2
Check: CRAN incoming feasibility
Result: NOTE
Maintainer: ‘Rodrigo R Remédio <rremedio@hotmail.com>’
Found the following URLs which should use \doi (with the DOI name only):
File ‘wooldridge.Rd’:
https://doi.org/10.1016/j.econlet.2009.04.026
Flavors: r-devel-linux-x86_64-debian-clang, r-devel-linux-x86_64-debian-gcc
Version: 1.2
Check: examples
Result: NOTE
Examples with CPU (user + system) or elapsed time > 5s
user system elapsed
olley_pakes 4.624 0.007 7.152
Flavor: r-devel-linux-x86_64-debian-clang