CRAN Package Check Results for Package etrunct

Last updated on 2025-02-21 03:52:12 CET.

Flavor Version Tinstall Tcheck Ttotal Status Flags
r-devel-linux-x86_64-debian-clang 0.1 1.52 17.38 18.90 OK
r-devel-linux-x86_64-debian-gcc 0.1 1.34 14.62 15.96 OK
r-devel-linux-x86_64-fedora-clang 0.1 30.16 OK
r-devel-linux-x86_64-fedora-gcc 0.1 29.27 OK
r-devel-macos-arm64 0.1 14.00 OK
r-devel-macos-x86_64 0.1 24.00 OK
r-devel-windows-x86_64 0.1 3.00 40.00 43.00 OK
r-patched-linux-x86_64 0.1 1.44 16.62 18.06 NOTE
r-release-linux-x86_64 0.1 1.38 16.67 18.05 NOTE
r-release-macos-arm64 0.1 17.00 NOTE
r-release-macos-x86_64 0.1 19.00 NOTE
r-release-windows-x86_64 0.1 3.00 38.00 41.00 NOTE
r-oldrel-macos-arm64 0.1 16.00 NOTE
r-oldrel-macos-x86_64 0.1 20.00 NOTE
r-oldrel-windows-x86_64 0.1 3.00 45.00 48.00 NOTE

Check Details

Version: 0.1
Check: LazyData
Result: NOTE 'LazyData' is specified without a 'data' directory Flavors: r-patched-linux-x86_64, r-release-linux-x86_64, r-release-macos-arm64, r-release-macos-x86_64, r-release-windows-x86_64, r-oldrel-macos-arm64, r-oldrel-macos-x86_64, r-oldrel-windows-x86_64