CRAN Package Check Results for Package eurlex

Last updated on 2025-04-30 04:50:05 CEST.

Flavor Version Tinstall Tcheck Ttotal Status Flags
r-devel-linux-x86_64-debian-clang 0.4.8 3.13 34.10 37.23 NOTE
r-devel-linux-x86_64-debian-gcc 0.4.8 2.19 26.87 29.06 NOTE
r-devel-linux-x86_64-fedora-clang 0.4.8 56.59 NOTE
r-devel-linux-x86_64-fedora-gcc 0.4.8 67.61 NOTE
r-devel-windows-x86_64 0.4.8 5.00 61.00 66.00 NOTE
r-patched-linux-x86_64 0.4.8 2.84 31.66 34.50 NOTE
r-release-linux-x86_64 0.4.8 3.12 31.77 34.89 NOTE
r-release-macos-arm64 0.4.8 33.00 NOTE
r-release-macos-x86_64 0.4.8 55.00 NOTE
r-release-windows-x86_64 0.4.8 5.00 60.00 65.00 NOTE
r-oldrel-macos-arm64 0.4.8 36.00 OK
r-oldrel-macos-x86_64 0.4.8 61.00 OK
r-oldrel-windows-x86_64 0.4.8 6.00 61.00 67.00 OK

Check Details

Version: 0.4.8
Check: DESCRIPTION meta-information
Result: NOTE Missing dependency on R >= 4.1.0 because package code uses the pipe |> or function shorthand \(...) syntax added in R 4.1.0. File(s) using such syntax: ‘elx_run_query.R’ Flavors: r-devel-linux-x86_64-debian-clang, r-devel-linux-x86_64-debian-gcc, r-devel-linux-x86_64-fedora-clang, r-devel-linux-x86_64-fedora-gcc, r-devel-windows-x86_64, r-patched-linux-x86_64, r-release-linux-x86_64, r-release-macos-arm64, r-release-macos-x86_64, r-release-windows-x86_64