Last updated on 2025-04-30 04:50:05 CEST.
Flavor | Version | Tinstall | Tcheck | Ttotal | Status | Flags |
---|---|---|---|---|---|---|
r-devel-linux-x86_64-debian-clang | 1.0.0 | 134.74 | 54.28 | 189.02 | NOTE | |
r-devel-linux-x86_64-debian-gcc | 1.0.0 | 91.17 | 39.92 | 131.09 | NOTE | |
r-devel-linux-x86_64-fedora-clang | 1.0.0 | 368.38 | NOTE | |||
r-devel-linux-x86_64-fedora-gcc | 1.0.0 | 337.03 | NOTE | |||
r-devel-windows-x86_64 | 1.0.0 | 155.00 | 107.00 | 262.00 | NOTE | |
r-patched-linux-x86_64 | 1.0.0 | 133.17 | 52.21 | 185.38 | NOTE | |
r-release-linux-x86_64 | 1.0.0 | 129.98 | 52.36 | 182.34 | NOTE | |
r-release-macos-arm64 | 1.0.0 | 74.00 | NOTE | |||
r-release-macos-x86_64 | 1.0.0 | 88.00 | NOTE | |||
r-release-windows-x86_64 | 1.0.0 | 151.00 | 103.00 | 254.00 | NOTE | |
r-oldrel-macos-arm64 | 1.0.0 | 77.00 | NOTE | |||
r-oldrel-macos-x86_64 | 1.0.0 | 76.00 | NOTE | |||
r-oldrel-windows-x86_64 | 1.0.0 | 171.00 | 117.00 | 288.00 | NOTE |
Version: 1.0.0
Check: CRAN incoming feasibility
Result: NOTE
Maintainer: ‘Ben Youngman <b.youngman@exeter.ac.uk>’
No Authors@R field in DESCRIPTION.
Please add one, modifying
Authors@R: person(given = "Ben",
family = "Youngman",
role = c("aut", "cre"),
email = "b.youngman@exeter.ac.uk")
as necessary.
Flavors: r-devel-linux-x86_64-debian-clang, r-devel-linux-x86_64-debian-gcc
Version: 1.0.0
Check: C++ specification
Result: NOTE
Specified C++11: please drop specification unless essential
Flavors: r-devel-linux-x86_64-debian-clang, r-devel-linux-x86_64-debian-gcc, r-devel-linux-x86_64-fedora-clang, r-devel-linux-x86_64-fedora-gcc, r-devel-windows-x86_64, r-patched-linux-x86_64, r-release-linux-x86_64, r-release-macos-arm64, r-release-macos-x86_64, r-release-windows-x86_64, r-oldrel-macos-arm64, r-oldrel-macos-x86_64, r-oldrel-windows-x86_64
Version: 1.0.0
Check: Rd files
Result: NOTE
checkRd: (-1) colplot.Rd:52: Lost braces
52 | \item{legend}{should a legend be added? Defaults to code{FALSE}}
| ^
checkRd: (-1) colplot.Rd:56: Lost braces
56 | \item{legend.pretty}{logical: should the legend values produced by \[base]{pretty}? Othewrwise they are exact. Defaults to \code{TRUE}}
| ^
Flavors: r-devel-linux-x86_64-debian-clang, r-devel-linux-x86_64-debian-gcc, r-devel-linux-x86_64-fedora-clang, r-devel-linux-x86_64-fedora-gcc, r-devel-windows-x86_64, r-patched-linux-x86_64, r-release-linux-x86_64, r-release-macos-arm64, r-release-macos-x86_64, r-release-windows-x86_64, r-oldrel-macos-arm64, r-oldrel-macos-x86_64, r-oldrel-windows-x86_64
Version: 1.0.0
Check: installed package size
Result: NOTE
installed size is 7.1Mb
sub-directories of 1Mb or more:
libs 6.2Mb
Flavors: r-oldrel-macos-arm64, r-oldrel-macos-x86_64