Last updated on 2025-02-22 05:51:35 CET.
Flavor | Version | Tinstall | Tcheck | Ttotal | Status | Flags |
---|---|---|---|---|---|---|
r-devel-linux-x86_64-debian-clang | 1.1 | 9.83 | 82.50 | 92.33 | NOTE | |
r-devel-linux-x86_64-debian-gcc | 1.1 | 8.26 | 60.79 | 69.05 | NOTE | |
r-devel-linux-x86_64-fedora-clang | 1.1 | 146.68 | NOTE | |||
r-devel-linux-x86_64-fedora-gcc | 1.1 | 140.67 | NOTE | |||
r-devel-macos-arm64 | 1.1 | 46.00 | OK | |||
r-devel-macos-x86_64 | 1.1 | 83.00 | OK | |||
r-devel-windows-x86_64 | 1.1 | 14.00 | 93.00 | 107.00 | OK | |
r-patched-linux-x86_64 | 1.1 | 9.30 | 78.36 | 87.66 | NOTE | |
r-release-linux-x86_64 | 1.1 | 10.04 | 78.34 | 88.38 | NOTE | |
r-release-macos-arm64 | 1.1 | 43.00 | OK | |||
r-release-macos-x86_64 | 1.1 | 68.00 | OK | |||
r-release-windows-x86_64 | 1.1 | 12.00 | 92.00 | 104.00 | OK | |
r-oldrel-macos-arm64 | 1.1 | 45.00 | OK | |||
r-oldrel-macos-x86_64 | 1.1 | 73.00 | OK | |||
r-oldrel-windows-x86_64 | 1.1 | 15.00 | 118.00 | 133.00 | OK |
Version: 1.1
Check: for non-standard things in the check directory
Result: NOTE
Found the following files/directories:
‘sample .nwk’
Flavors: r-devel-linux-x86_64-debian-clang, r-devel-linux-x86_64-debian-gcc, r-devel-linux-x86_64-fedora-clang, r-devel-linux-x86_64-fedora-gcc, r-patched-linux-x86_64, r-release-linux-x86_64