Last updated on 2025-11-03 03:49:40 CET.
| Flavor | Version | Tinstall | Tcheck | Ttotal | Status | Flags |
|---|---|---|---|---|---|---|
| r-devel-linux-x86_64-debian-clang | 2.5.8 | 26.23 | 120.43 | 146.66 | NOTE | |
| r-devel-linux-x86_64-debian-gcc | 2.5.8 | 17.99 | 86.21 | 104.20 | NOTE | |
| r-devel-linux-x86_64-fedora-clang | 2.5.8 | 58.00 | 175.18 | 233.18 | NOTE | |
| r-devel-linux-x86_64-fedora-gcc | 2.5.8 | 48.00 | 177.42 | 225.42 | NOTE | |
| r-devel-windows-x86_64 | 2.5.8 | 33.00 | 125.00 | 158.00 | OK | |
| r-patched-linux-x86_64 | 2.5.8 | 21.35 | 116.04 | 137.39 | NOTE | |
| r-release-linux-x86_64 | 2.5.8 | 23.12 | 115.74 | 138.86 | NOTE | |
| r-release-macos-arm64 | 2.5.8 | 17.00 | 47.00 | 64.00 | NOTE | |
| r-release-macos-x86_64 | 2.5.8 | 37.00 | 209.00 | 246.00 | NOTE | |
| r-release-windows-x86_64 | 2.5.8 | 35.00 | 123.00 | 158.00 | OK | |
| r-oldrel-macos-arm64 | 2.5.8 | 16.00 | 44.00 | 60.00 | NOTE | |
| r-oldrel-macos-x86_64 | 2.5.8 | 28.00 | 130.00 | 158.00 | NOTE | |
| r-oldrel-windows-x86_64 | 2.5.8 | 43.00 | 158.00 | 201.00 | OK |
Version: 2.5.8
Check: compiled code
Result: NOTE
File ‘excursions/libs/excursions.so’:
Found ‘printf’, possibly from ‘printf’ (C)
Object: ‘CAMD.a’
Found ‘stdout’, possibly from ‘stdout’ (C)
Object: ‘CAMD.a’
Compiled code should not call entry points which might terminate R nor
write to stdout/stderr instead of to the console, nor use Fortran I/O
nor system RNGs nor [v]sprintf.
See ‘Writing portable packages’ in the ‘Writing R Extensions’ manual.
Flavors: r-devel-linux-x86_64-debian-clang, r-devel-linux-x86_64-debian-gcc, r-devel-linux-x86_64-fedora-clang, r-devel-linux-x86_64-fedora-gcc, r-patched-linux-x86_64, r-release-linux-x86_64
Version: 2.5.8
Check: compiled code
Result: NOTE
File ‘excursions/libs/excursions.so’:
Found ‘___stdoutp’, possibly from ‘stdout’ (C)
Object: ‘CAMD.a’
Found ‘_printf’, possibly from ‘printf’ (C)
Object: ‘CAMD.a’
Compiled code should not call entry points which might terminate R nor
write to stdout/stderr instead of to the console, nor use Fortran I/O
nor system RNGs nor [v]sprintf.
See ‘Writing portable packages’ in the ‘Writing R Extensions’ manual.
Flavors: r-release-macos-arm64, r-release-macos-x86_64
Version: 2.5.8
Check: package dependencies
Result: NOTE
Package suggested but not available for checking: ‘INLA’
Flavors: r-oldrel-macos-arm64, r-oldrel-macos-x86_64