Last updated on 2025-04-30 04:50:05 CEST.
Flavor | Version | Tinstall | Tcheck | Ttotal | Status | Flags |
---|---|---|---|---|---|---|
r-devel-linux-x86_64-debian-clang | 1.4.0 | 45.13 | 163.94 | 209.07 | OK | |
r-devel-linux-x86_64-debian-gcc | 1.4.0 | 35.54 | 108.17 | 143.71 | OK | |
r-devel-linux-x86_64-fedora-clang | 1.4.0 | 388.64 | OK | |||
r-devel-linux-x86_64-fedora-gcc | 1.4.0 | 352.69 | OK | |||
r-devel-windows-x86_64 | 1.4.0 | 70.00 | 158.00 | 228.00 | OK | |
r-patched-linux-x86_64 | 1.4.0 | 46.00 | 149.34 | 195.34 | OK | |
r-release-linux-x86_64 | 1.4.0 | 44.59 | 148.94 | 193.53 | OK | |
r-release-macos-arm64 | 1.4.0 | 101.00 | OK | |||
r-release-macos-x86_64 | 1.4.0 | 125.00 | OK | |||
r-release-windows-x86_64 | 1.4.0 | 69.00 | 154.00 | 223.00 | OK | |
r-oldrel-macos-arm64 | 1.4.0 | 78.00 | NOTE | |||
r-oldrel-macos-x86_64 | 1.4.0 | 124.00 | NOTE | |||
r-oldrel-windows-x86_64 | 1.4.0 | 66.00 | 213.00 | 279.00 | NOTE |
Version: 1.4.0
Check: installed package size
Result: NOTE
installed size is 9.2Mb
sub-directories of 1Mb or more:
Report 1.3Mb
app 2.7Mb
doc 1.2Mb
libs 1.9Mb
Flavors: r-oldrel-macos-arm64, r-oldrel-macos-x86_64, r-oldrel-windows-x86_64