Last updated on 2025-11-03 03:49:40 CET.
| Flavor | Version | Tinstall | Tcheck | Ttotal | Status | Flags |
|---|---|---|---|---|---|---|
| r-devel-linux-x86_64-debian-clang | 0.3.10 | 11.23 | 88.76 | 99.99 | OK | |
| r-devel-linux-x86_64-debian-gcc | 0.3.10 | 6.90 | 61.84 | 68.74 | OK | |
| r-devel-linux-x86_64-fedora-clang | 0.3.10 | 23.00 | 128.65 | 151.65 | OK | |
| r-devel-linux-x86_64-fedora-gcc | 0.3.10 | 22.00 | 136.00 | 158.00 | OK | |
| r-devel-windows-x86_64 | 0.3.10 | 12.00 | 92.00 | 104.00 | OK | |
| r-patched-linux-x86_64 | 0.3.10 | 9.52 | 83.29 | 92.81 | OK | |
| r-release-linux-x86_64 | 0.3.10 | 10.14 | 82.58 | 92.72 | OK | |
| r-release-macos-arm64 | 0.3.10 | 4.00 | 40.00 | 44.00 | OK | |
| r-release-macos-x86_64 | 0.3.10 | 8.00 | 72.00 | 80.00 | NOTE | |
| r-release-windows-x86_64 | 0.3.10 | 13.00 | 92.00 | 105.00 | OK | |
| r-oldrel-macos-arm64 | 0.3.10 | 4.00 | 41.00 | 45.00 | OK | |
| r-oldrel-macos-x86_64 | 0.3.10 | 6.00 | 60.00 | 66.00 | OK | |
| r-oldrel-windows-x86_64 | 0.3.10 | 17.00 | 117.00 | 134.00 | OK |
Version: 0.3.10
Check: Rd cross-references
Result: NOTE
Packages unavailable to check Rd xrefs: ‘FactoMineR’, ‘GDAtools’
Unknown package ‘quanteda.textmodels’ in Rd xrefs
Flavor: r-release-macos-x86_64