CRAN Package Check Results for Package extremeStat

Last updated on 2025-04-30 04:50:05 CEST.

Flavor Version Tinstall Tcheck Ttotal Status Flags
r-devel-linux-x86_64-debian-clang 1.5.9 12.45 156.21 168.66 NOTE
r-devel-linux-x86_64-debian-gcc 1.5.9 7.18 105.13 112.31 NOTE
r-devel-linux-x86_64-fedora-clang 1.5.9 258.92 OK
r-devel-linux-x86_64-fedora-gcc 1.5.9 251.54 OK
r-devel-windows-x86_64 1.5.9 12.00 154.00 166.00 NOTE
r-patched-linux-x86_64 1.5.9 11.02 145.94 156.96 NOTE
r-release-linux-x86_64 1.5.9 11.20 144.62 155.82 NOTE
r-release-macos-arm64 1.5.9 80.00 OK
r-release-macos-x86_64 1.5.9 155.00 OK
r-release-windows-x86_64 1.5.9 13.00 158.00 171.00 NOTE
r-oldrel-macos-arm64 1.5.9 70.00 OK
r-oldrel-macos-x86_64 1.5.9 108.00 OK
r-oldrel-windows-x86_64 1.5.9 15.00 191.00 206.00 OK

Check Details

Version: 1.5.9
Check: CRAN incoming feasibility
Result: NOTE Maintainer: ‘Berry Boessenkool <berry-b@gmx.de>’ No Authors@R field in DESCRIPTION. Please add one, modifying Authors@R: person(given = "Berry", family = "Boessenkool", role = c("aut", "cre"), email = "berry-b@gmx.de") as necessary. The BugReports field in DESCRIPTION has https://github.com/brry/extremeStat which should likely be https://github.com/brry/extremeStat/issues instead. Flavors: r-devel-linux-x86_64-debian-clang, r-devel-linux-x86_64-debian-gcc

Version: 1.5.9
Check: Rd cross-references
Result: NOTE Found the following Rd file(s) with Rd \link{} targets missing package anchors: distLquantile.Rd: quantileMean distLweights.Rd: dist.list plotLexBoot.Rd: ciBand plotLextreme.Rd: logAxis plotLfit.Rd: logAxis printL.Rd: rainbow2 Please provide package anchors for all Rd \link{} targets not in the package itself and the base packages. Flavors: r-devel-linux-x86_64-debian-clang, r-devel-linux-x86_64-debian-gcc, r-devel-windows-x86_64, r-patched-linux-x86_64, r-release-linux-x86_64, r-release-windows-x86_64

Version: 1.5.9
Check: examples
Result: NOTE Examples with CPU (user + system) or elapsed time > 5s user system elapsed q_gpd 10.201 0.012 13.273 distLextreme 8.479 0.051 9.735 distLfit 6.607 0.013 7.396 Flavor: r-devel-linux-x86_64-debian-clang

Version: 1.5.9
Check: examples
Result: NOTE Examples with CPU (user + system) or elapsed time > 5s user system elapsed q_gpd 4.779 0.005 6.062 distLextreme 4.130 0.047 5.610 Flavor: r-devel-linux-x86_64-debian-gcc