CRAN Package Check Results for Package extremogram

Last updated on 2025-04-30 04:50:05 CEST.

Flavor Version Tinstall Tcheck Ttotal Status Flags
r-devel-linux-x86_64-debian-clang 1.0.2 2.62 21.59 24.21 NOTE
r-devel-linux-x86_64-debian-gcc 1.0.2 1.81 17.11 18.92 NOTE
r-devel-linux-x86_64-fedora-clang 1.0.2 37.92 OK
r-devel-linux-x86_64-fedora-gcc 1.0.2 36.51 OK
r-devel-windows-x86_64 1.0.2 4.00 50.00 54.00 OK
r-patched-linux-x86_64 1.0.2 2.82 20.87 23.69 OK
r-release-linux-x86_64 1.0.2 2.52 20.87 23.39 OK
r-release-macos-arm64 1.0.2 16.00 OK
r-release-macos-x86_64 1.0.2 26.00 OK
r-release-windows-x86_64 1.0.2 3.00 46.00 49.00 OK
r-oldrel-macos-arm64 1.0.2 15.00 OK
r-oldrel-macos-x86_64 1.0.2 22.00 OK
r-oldrel-windows-x86_64 1.0.2 3.00 46.00 49.00 OK

Check Details

Version: 1.0.2
Check: CRAN incoming feasibility
Result: NOTE Maintainer: ‘Nadezda Frolova <nfrolova@ualberta.ca>’ No Authors@R field in DESCRIPTION. Please add one, modifying Authors@R: c(person(given = "Nadezda", family = "Frolova", role = c("aut", "cre"), email = "nfrolova@ualberta.ca"), person(given = "Ivor", family = "Cribben", role = "aut")) as necessary. Flavors: r-devel-linux-x86_64-debian-clang, r-devel-linux-x86_64-debian-gcc