Last updated on 2025-04-30 04:50:05 CEST.
Flavor | Version | Tinstall | Tcheck | Ttotal | Status | Flags |
---|---|---|---|---|---|---|
r-devel-linux-x86_64-debian-clang | 1.0.1 | 4.03 | 93.39 | 97.42 | NOTE | |
r-devel-linux-x86_64-debian-gcc | 1.0.1 | 3.09 | 63.72 | 66.81 | OK | |
r-devel-linux-x86_64-fedora-clang | 1.0.1 | 138.70 | OK | |||
r-devel-linux-x86_64-fedora-gcc | 1.0.1 | 130.36 | OK | |||
r-devel-windows-x86_64 | 1.0.1 | 6.00 | 106.00 | 112.00 | OK | |
r-patched-linux-x86_64 | 1.0.1 | 4.30 | 83.58 | 87.88 | OK | |
r-release-linux-x86_64 | 1.0.1 | 4.28 | 81.91 | 86.19 | OK | |
r-release-macos-arm64 | 1.0.1 | 66.00 | OK | |||
r-release-macos-x86_64 | 1.0.1 | 115.00 | OK | |||
r-release-windows-x86_64 | 1.0.1 | 6.00 | 109.00 | 115.00 | OK | |
r-oldrel-macos-arm64 | 1.0.1 | 41.00 | OK | |||
r-oldrel-macos-x86_64 | 1.0.1 | 69.00 | OK | |||
r-oldrel-windows-x86_64 | 1.0.1 | 7.00 | 125.00 | 132.00 | OK |
Version: 1.0.1
Check: examples
Result: NOTE
Examples with CPU (user + system) or elapsed time > 5s
user system elapsed
organise.exclusions.fix_durations 6.409 0.223 5.388
organise.behavioural.base 6.201 0.197 4.923
analyse.behavioural.data 5.630 0.206 5.324
organise.message.removals 5.467 0.106 4.399
Flavor: r-devel-linux-x86_64-debian-clang