Last updated on 2025-04-30 04:50:05 CEST.
Flavor | Version | Tinstall | Tcheck | Ttotal | Status | Flags |
---|---|---|---|---|---|---|
r-devel-linux-x86_64-debian-clang | 0.2.1 | 9.78 | 389.07 | 398.85 | OK | |
r-devel-linux-x86_64-debian-gcc | 0.2.1 | 5.54 | 263.49 | 269.03 | OK | |
r-devel-linux-x86_64-fedora-clang | 0.2.1 | 609.68 | NOTE | |||
r-devel-linux-x86_64-fedora-gcc | 0.2.1 | 601.27 | NOTE | |||
r-devel-windows-x86_64 | 0.2.1 | 10.00 | 327.00 | 337.00 | OK | |
r-patched-linux-x86_64 | 0.2.1 | 8.03 | 372.41 | 380.44 | OK | |
r-release-linux-x86_64 | 0.2.1 | 9.04 | 369.10 | 378.14 | OK | |
r-release-macos-arm64 | 0.2.1 | 159.00 | OK | |||
r-release-macos-x86_64 | 0.2.1 | 379.00 | OK | |||
r-release-windows-x86_64 | 0.2.1 | 10.00 | 325.00 | 335.00 | OK | |
r-oldrel-macos-arm64 | 0.2.1 | 165.00 | OK | |||
r-oldrel-macos-x86_64 | 0.2.1 | 256.00 | OK | |||
r-oldrel-windows-x86_64 | 0.2.1 | 15.00 | 463.00 | 478.00 | NOTE |
Version: 0.2.1
Check: dependencies in R code
Result: NOTE
Namespace in Imports field not imported from: ‘rlang’
All declared Imports should be used.
Flavors: r-devel-linux-x86_64-fedora-clang, r-devel-linux-x86_64-fedora-gcc
Version: 0.2.1
Check: package dependencies
Result: NOTE
Package suggested but not available for checking: 'doMC'
Flavor: r-oldrel-windows-x86_64