Last updated on 2025-04-30 04:50:05 CEST.
Flavor | Version | Tinstall | Tcheck | Ttotal | Status | Flags |
---|---|---|---|---|---|---|
r-devel-linux-x86_64-debian-clang | 4.4-0 | 14.71 | 121.92 | 136.63 | NOTE | |
r-devel-linux-x86_64-debian-gcc | 4.4-0 | 8.67 | 84.83 | 93.50 | NOTE | |
r-devel-linux-x86_64-fedora-clang | 4.4-0 | 204.53 | NOTE | |||
r-devel-linux-x86_64-fedora-gcc | 4.4-0 | 196.54 | NOTE | |||
r-devel-windows-x86_64 | 4.4-0 | 15.00 | 125.00 | 140.00 | NOTE | |
r-patched-linux-x86_64 | 4.4-0 | 14.86 | 116.52 | 131.38 | NOTE | |
r-release-linux-x86_64 | 4.4-0 | 14.48 | 115.72 | 130.20 | NOTE | |
r-release-macos-arm64 | 4.4-0 | 50.00 | NOTE | |||
r-release-macos-x86_64 | 4.4-0 | 106.00 | NOTE | |||
r-release-windows-x86_64 | 4.4-0 | 16.00 | 125.00 | 141.00 | NOTE | |
r-oldrel-macos-arm64 | 4.4-0 | 57.00 | NOTE | |||
r-oldrel-macos-x86_64 | 4.4-0 | 80.00 | NOTE | |||
r-oldrel-windows-x86_64 | 4.4-0 | 21.00 | 159.00 | 180.00 | NOTE |
Version: 4.4-0
Check: CRAN incoming feasibility
Result: NOTE
Maintainer: ‘Michael A. Lawrence <mike.lwrnc@gmail.com>’
No Authors@R field in DESCRIPTION.
Please add one, modifying
Authors@R: person(given = c("Michael", "A."),
family = "Lawrence",
role = c("aut", "cre"),
email = "mike.lwrnc@gmail.com")
as necessary.
Flavors: r-devel-linux-x86_64-debian-clang, r-devel-linux-x86_64-debian-gcc
Version: 4.4-0
Check: Rd files
Result: NOTE
checkRd: (-1) ez-package.Rd:19: Lost braces in \itemize; meant \describe ?
checkRd: (-1) ez-package.Rd:20: Lost braces in \itemize; meant \describe ?
checkRd: (-1) ez-package.Rd:21: Lost braces in \itemize; meant \describe ?
checkRd: (-1) ez-package.Rd:22: Lost braces in \itemize; meant \describe ?
checkRd: (-1) ez-package.Rd:23: Lost braces in \itemize; meant \describe ?
checkRd: (-1) ez-package.Rd:24: Lost braces in \itemize; meant \describe ?
checkRd: (-1) ez-package.Rd:25: Lost braces in \itemize; meant \describe ?
checkRd: (-1) ez-package.Rd:26: Lost braces in \itemize; meant \describe ?
checkRd: (-1) ez-package.Rd:27: Lost braces in \itemize; meant \describe ?
checkRd: (-1) ez-package.Rd:28: Lost braces in \itemize; meant \describe ?
checkRd: (-1) ez-package.Rd:29: Lost braces in \itemize; meant \describe ?
checkRd: (-1) ez-package.Rd:30: Lost braces in \itemize; meant \describe ?
checkRd: (-1) ez-package.Rd:32: Lost braces in \itemize; meant \describe ?
checkRd: (-1) ez-package.Rd:33: Lost braces in \itemize; meant \describe ?
Flavors: r-devel-linux-x86_64-debian-clang, r-devel-linux-x86_64-debian-gcc, r-devel-linux-x86_64-fedora-clang, r-devel-linux-x86_64-fedora-gcc, r-devel-windows-x86_64, r-patched-linux-x86_64, r-release-linux-x86_64, r-release-macos-arm64, r-release-macos-x86_64, r-release-windows-x86_64, r-oldrel-macos-arm64, r-oldrel-macos-x86_64, r-oldrel-windows-x86_64
Version: 4.4-0
Check: examples
Result: NOTE
Examples with CPU (user + system) or elapsed time > 5s
user system elapsed
ezBoot 4.133 0.059 5.262
Flavor: r-devel-linux-x86_64-debian-clang