Last updated on 2025-04-30 04:50:05 CEST.
Flavor | Version | Tinstall | Tcheck | Ttotal | Status | Flags |
---|---|---|---|---|---|---|
r-devel-linux-x86_64-debian-clang | 0.1.1 | 6.61 | 106.83 | 113.44 | NOTE | |
r-devel-linux-x86_64-debian-gcc | 0.1.1 | 4.64 | 72.40 | 77.04 | OK | |
r-devel-linux-x86_64-fedora-clang | 0.1.1 | 165.01 | OK | |||
r-devel-linux-x86_64-fedora-gcc | 0.1.1 | 168.72 | OK | |||
r-devel-windows-x86_64 | 0.1.1 | 7.00 | 121.00 | 128.00 | OK | |
r-patched-linux-x86_64 | 0.1.1 | 6.27 | 99.44 | 105.71 | OK | |
r-release-linux-x86_64 | 0.1.1 | 5.11 | 97.57 | 102.68 | OK | |
r-release-macos-arm64 | 0.1.1 | 55.00 | OK | |||
r-release-macos-x86_64 | 0.1.1 | 115.00 | OK | |||
r-release-windows-x86_64 | 0.1.1 | 7.00 | 112.00 | 119.00 | OK | |
r-oldrel-macos-arm64 | 0.1.1 | 54.00 | OK | |||
r-oldrel-macos-x86_64 | 0.1.1 | 77.00 | OK | |||
r-oldrel-windows-x86_64 | 0.1.1 | 10.00 | 147.00 | 157.00 | OK |
Version: 0.1.1
Check: examples
Result: NOTE
Examples with CPU (user + system) or elapsed time > 5s
user system elapsed
measure_distribution_by_two_categories 4.88 0.036 7.244
Flavor: r-devel-linux-x86_64-debian-clang