Last updated on 2025-04-30 04:50:05 CEST.
Flavor | Version | Tinstall | Tcheck | Ttotal | Status | Flags |
---|---|---|---|---|---|---|
r-devel-linux-x86_64-debian-clang | 1.0.4 | 10.78 | 139.84 | 150.62 | NOTE | |
r-devel-linux-x86_64-debian-gcc | 1.0.4 | 5.39 | 96.50 | 101.89 | OK | |
r-devel-linux-x86_64-fedora-clang | 1.0.4 | 211.19 | OK | |||
r-devel-linux-x86_64-fedora-gcc | 1.0.4 | 216.16 | OK | |||
r-devel-windows-x86_64 | 1.0.4 | 11.00 | 144.00 | 155.00 | OK | |
r-patched-linux-x86_64 | 1.0.4 | 8.59 | 128.19 | 136.78 | OK | |
r-release-linux-x86_64 | 1.0.4 | 8.93 | 126.10 | 135.03 | OK | |
r-release-macos-arm64 | 1.0.4 | 71.00 | OK | |||
r-release-macos-x86_64 | 1.0.4 | 145.00 | OK | |||
r-release-windows-x86_64 | 1.0.4 | 10.00 | 139.00 | 149.00 | OK | |
r-oldrel-macos-arm64 | 1.0.4 | 75.00 | OK | |||
r-oldrel-macos-x86_64 | 1.0.4 | 108.00 | OK | |||
r-oldrel-windows-x86_64 | 1.0.4 | 13.00 | 182.00 | 195.00 | OK |
Version: 1.0.4
Check: examples
Result: NOTE
Examples with CPU (user + system) or elapsed time > 5s
user system elapsed
ezcox_parallel 1.033 0.11 6.971
Flavor: r-devel-linux-x86_64-debian-clang