CRAN Package Check Results for Package ezmmek

Last updated on 2025-04-30 04:50:05 CEST.

Flavor Version Tinstall Tcheck Ttotal Status Flags
r-devel-linux-x86_64-debian-clang 0.2.4 2.30 40.47 42.77 OK
r-devel-linux-x86_64-debian-gcc 0.2.4 1.46 31.30 32.76 OK
r-devel-linux-x86_64-fedora-clang 0.2.4 64.77 OK
r-devel-linux-x86_64-fedora-gcc 0.2.4 74.67 OK
r-devel-windows-x86_64 0.2.4 5.00 62.00 67.00 OK
r-patched-linux-x86_64 0.2.4 2.48 39.08 41.56 OK
r-release-linux-x86_64 0.2.4 2.08 38.63 40.71 OK
r-release-macos-arm64 0.2.4 31.00 OK
r-release-macos-x86_64 0.2.4 61.00 OK
r-release-windows-x86_64 0.2.4 4.00 59.00 63.00 OK
r-oldrel-macos-arm64 0.2.4 27.00 NOTE
r-oldrel-macos-x86_64 0.2.4 46.00 NOTE
r-oldrel-windows-x86_64 0.2.4 6.00 66.00 72.00 NOTE

Check Details

Version: 0.2.4
Check: LazyData
Result: NOTE 'LazyData' is specified without a 'data' directory Flavors: r-oldrel-macos-arm64, r-oldrel-macos-x86_64, r-oldrel-windows-x86_64