CRAN Package Check Results for Package ezr

Last updated on 2025-04-30 04:50:05 CEST.

Flavor Version Tinstall Tcheck Ttotal Status Flags
r-devel-linux-x86_64-debian-clang 0.1.5 8.24 60.31 68.55 NOTE
r-devel-linux-x86_64-debian-gcc 0.1.5 4.66 42.16 46.82 NOTE
r-devel-linux-x86_64-fedora-clang 0.1.5 95.79 OK
r-devel-linux-x86_64-fedora-gcc 0.1.5 87.00 OK
r-devel-windows-x86_64 0.1.5 8.00 71.00 79.00 OK
r-patched-linux-x86_64 0.1.5 6.20 53.40 59.60 OK
r-release-linux-x86_64 0.1.5 7.09 54.16 61.25 OK
r-release-macos-arm64 0.1.5 26.00 OK
r-release-macos-x86_64 0.1.5 50.00 OK
r-release-windows-x86_64 0.1.5 9.00 71.00 80.00 OK
r-oldrel-macos-arm64 0.1.5 30.00 NOTE
r-oldrel-macos-x86_64 0.1.5 42.00 NOTE
r-oldrel-windows-x86_64 0.1.5 11.00 84.00 95.00 NOTE

Check Details

Version: 0.1.5
Check: CRAN incoming feasibility
Result: NOTE Maintainer: ‘Jin Kim <jin.m.kim@yale.edu>’ Package CITATION file contains call(s) to old-style citEntry(). Please use bibentry() instead. Flavors: r-devel-linux-x86_64-debian-clang, r-devel-linux-x86_64-debian-gcc

Version: 0.1.5
Check: LazyData
Result: NOTE 'LazyData' is specified without a 'data' directory Flavors: r-oldrel-macos-arm64, r-oldrel-macos-x86_64, r-oldrel-windows-x86_64