CRAN Package Check Results for Package ezr

Last updated on 2025-02-22 05:51:35 CET.

Flavor Version Tinstall Tcheck Ttotal Status Flags
r-devel-linux-x86_64-debian-clang 0.1.5 6.70 53.00 59.70 OK
r-devel-linux-x86_64-debian-gcc 0.1.5 4.63 37.99 42.62 OK
r-devel-linux-x86_64-fedora-clang 0.1.5 92.94 OK
r-devel-linux-x86_64-fedora-gcc 0.1.5 88.06 OK
r-devel-macos-arm64 0.1.5 25.00 OK
r-devel-macos-x86_64 0.1.5 50.00 OK
r-devel-windows-x86_64 0.1.5 8.00 66.00 74.00 OK
r-patched-linux-x86_64 0.1.5 6.91 48.64 55.55 NOTE
r-release-linux-x86_64 0.1.5 5.69 48.09 53.78 NOTE
r-release-macos-arm64 0.1.5 30.00 NOTE
r-release-macos-x86_64 0.1.5 42.00 NOTE
r-release-windows-x86_64 0.1.5 8.00 67.00 75.00 NOTE
r-oldrel-macos-arm64 0.1.5 30.00 NOTE
r-oldrel-macos-x86_64 0.1.5 44.00 NOTE
r-oldrel-windows-x86_64 0.1.5 10.00 78.00 88.00 NOTE

Check Details

Version: 0.1.5
Check: LazyData
Result: NOTE 'LazyData' is specified without a 'data' directory Flavors: r-patched-linux-x86_64, r-release-linux-x86_64, r-release-macos-arm64, r-release-macos-x86_64, r-release-windows-x86_64, r-oldrel-macos-arm64, r-oldrel-macos-x86_64, r-oldrel-windows-x86_64