Last updated on 2025-04-30 04:50:05 CEST.
Flavor | Version | Tinstall | Tcheck | Ttotal | Status | Flags |
---|---|---|---|---|---|---|
r-devel-linux-x86_64-debian-clang | 0.6-1 | 3.20 | 45.26 | 48.46 | NOTE | |
r-devel-linux-x86_64-debian-gcc | 0.6-1 | 2.13 | 32.40 | 34.53 | OK | |
r-devel-linux-x86_64-fedora-clang | 0.6-1 | 75.84 | OK | |||
r-devel-linux-x86_64-fedora-gcc | 0.6-1 | 72.70 | OK | |||
r-devel-windows-x86_64 | 0.6-1 | 3.00 | 58.00 | 61.00 | OK | |
r-patched-linux-x86_64 | 0.6-1 | 3.30 | 42.81 | 46.11 | OK | |
r-release-linux-x86_64 | 0.6-1 | 2.35 | 42.54 | 44.89 | OK | |
r-release-macos-arm64 | 0.6-1 | 27.00 | OK | |||
r-release-macos-x86_64 | 0.6-1 | 50.00 | OK | |||
r-release-windows-x86_64 | 0.6-1 | 3.00 | 69.00 | 72.00 | OK | |
r-oldrel-macos-arm64 | 0.6-1 | 28.00 | OK | |||
r-oldrel-macos-x86_64 | 0.6-1 | 36.00 | OK | |||
r-oldrel-windows-x86_64 | 0.6-1 | 3.00 | 57.00 | 60.00 | OK |
Version: 0.6-1
Check: examples
Result: NOTE
Examples with CPU (user + system) or elapsed time > 5s
user system elapsed
T.L2 5.657 0.112 8.452
T.var 4.986 0.011 6.909
T.aov 4.829 0.011 6.015
Flavor: r-devel-linux-x86_64-debian-clang