Last updated on 2025-11-04 03:50:50 CET.
| Flavor | Version | Tinstall | Tcheck | Ttotal | Status | Flags | 
|---|---|---|---|---|---|---|
| r-devel-linux-x86_64-debian-clang | 4022.85 | 16.18 | 184.19 | 200.37 | NOTE | |
| r-devel-linux-x86_64-debian-gcc | 4022.85 | 11.33 | 114.82 | 126.15 | NOTE | |
| r-devel-linux-x86_64-fedora-clang | 4022.85 | 37.00 | 290.79 | 327.79 | OK | |
| r-devel-linux-x86_64-fedora-gcc | 4022.85 | 37.00 | 276.97 | 313.97 | OK | |
| r-devel-windows-x86_64 | 4022.85 | 17.00 | 192.00 | 209.00 | OK | |
| r-patched-linux-x86_64 | 4022.85 | 15.18 | 179.71 | 194.89 | OK | |
| r-release-linux-x86_64 | 4022.85 | 15.90 | 172.83 | 188.73 | OK | |
| r-release-macos-arm64 | 4022.85 | 11.00 | 78.00 | 89.00 | OK | |
| r-release-macos-x86_64 | 4022.85 | 18.00 | 197.00 | 215.00 | OK | |
| r-release-windows-x86_64 | 4022.85 | 17.00 | 186.00 | 203.00 | OK | |
| r-oldrel-macos-arm64 | 4022.85 | 8.00 | 65.00 | 73.00 | OK | |
| r-oldrel-macos-x86_64 | 4022.85 | 14.00 | 130.00 | 144.00 | OK | |
| r-oldrel-windows-x86_64 | 4022.85 | 22.00 | 233.00 | 255.00 | OK | 
Version: 4022.85
Check: CRAN incoming feasibility
Result: NOTE
  Maintainer: ‘Paul Smith <paul@waternumbers.co.uk>’
  
  No Authors@R field in DESCRIPTION.
  Please add one, modifying
    Authors@R: c(person(given = "Diethelm",
                        family = "Wuertz",
                        role = "aut"),
                 person(given = "Tobias",
                        family = "Setz",
                        role = "aut"),
                 person(given = "Yohan",
                        family = "Chalabi",
                        role = "ctb"),
                 person(given = "Paul",
                        family = "Smith",
                        role = "cre",
                        email = "paul@waternumbers.co.uk"))
  as necessary.
Flavors: r-devel-linux-x86_64-debian-clang, r-devel-linux-x86_64-debian-gcc