Last updated on 2025-04-30 04:50:05 CEST.
Flavor | Version | Tinstall | Tcheck | Ttotal | Status | Flags |
---|---|---|---|---|---|---|
r-devel-linux-x86_64-debian-clang | 4022.85 | 16.21 | 175.22 | 191.43 | NOTE | |
r-devel-linux-x86_64-debian-gcc | 4022.85 | 10.89 | 110.17 | 121.06 | NOTE | |
r-devel-linux-x86_64-fedora-clang | 4022.85 | 325.84 | OK | |||
r-devel-linux-x86_64-fedora-gcc | 4022.85 | 302.48 | OK | |||
r-devel-windows-x86_64 | 4022.85 | 18.00 | 196.00 | 214.00 | OK | |
r-patched-linux-x86_64 | 4022.85 | 16.84 | 169.21 | 186.05 | OK | |
r-release-linux-x86_64 | 4022.85 | 16.07 | 167.89 | 183.96 | OK | |
r-release-macos-arm64 | 4022.85 | 89.00 | OK | |||
r-release-macos-x86_64 | 4022.85 | 215.00 | OK | |||
r-release-windows-x86_64 | 4022.85 | 17.00 | 187.00 | 204.00 | OK | |
r-oldrel-macos-arm64 | 4022.85 | 73.00 | OK | |||
r-oldrel-macos-x86_64 | 4022.85 | 144.00 | OK | |||
r-oldrel-windows-x86_64 | 4022.85 | 23.00 | 240.00 | 263.00 | OK |
Version: 4022.85
Check: CRAN incoming feasibility
Result: NOTE
Maintainer: ‘Paul Smith <paul@waternumbers.co.uk>’
No Authors@R field in DESCRIPTION.
Please add one, modifying
Authors@R: c(person(given = "Diethelm",
family = "Wuertz",
role = "aut"),
person(given = "Tobias",
family = "Setz",
role = "aut"),
person(given = "Yohan",
family = "Chalabi",
role = "ctb"),
person(given = "Paul",
family = "Smith",
role = "cre",
email = "paul@waternumbers.co.uk"))
as necessary.
Flavors: r-devel-linux-x86_64-debian-clang, r-devel-linux-x86_64-debian-gcc