CRAN Package Check Results for Package fHMM

Last updated on 2025-04-30 04:50:05 CEST.

Flavor Version Tinstall Tcheck Ttotal Status Flags
r-devel-linux-x86_64-debian-clang 1.4.2 32.82 139.86 172.68 OK
r-devel-linux-x86_64-debian-gcc 1.4.2 22.90 100.39 123.29 OK
r-devel-linux-x86_64-fedora-clang 1.4.2 292.39 OK
r-devel-linux-x86_64-fedora-gcc 1.4.2 268.82 OK
r-devel-windows-x86_64 1.4.2 39.00 176.00 215.00 OK
r-patched-linux-x86_64 1.4.2 28.11 133.87 161.98 OK
r-release-linux-x86_64 1.4.2 28.99 134.05 163.04 OK
r-release-macos-arm64 1.4.2 84.00 OK
r-release-macos-x86_64 1.4.2 136.00 OK
r-release-windows-x86_64 1.4.2 40.00 187.00 227.00 OK
r-oldrel-macos-arm64 1.4.2 140.00 NOTE
r-oldrel-macos-x86_64 1.4.2 129.00 NOTE
r-oldrel-windows-x86_64 1.4.2 45.00 236.00 281.00 NOTE

Check Details

Version: 1.4.2
Check: installed package size
Result: NOTE installed size is 6.1Mb sub-directories of 1Mb or more: data 2.1Mb doc 1.1Mb libs 1.2Mb Flavors: r-oldrel-macos-arm64, r-oldrel-macos-x86_64, r-oldrel-windows-x86_64