Last updated on 2025-04-30 04:50:06 CEST.
Flavor | Version | Tinstall | Tcheck | Ttotal | Status | Flags |
---|---|---|---|---|---|---|
r-devel-linux-x86_64-debian-clang | 0.14.5 | 14.71 | 155.82 | 170.53 | NOTE | |
r-devel-linux-x86_64-debian-gcc | 0.14.5 | 12.33 | 115.02 | 127.35 | OK | |
r-devel-linux-x86_64-fedora-clang | 0.14.5 | 250.41 | OK | |||
r-devel-linux-x86_64-fedora-gcc | 0.14.5 | 244.56 | OK | |||
r-devel-windows-x86_64 | 0.14.5 | 15.00 | 169.00 | 184.00 | OK | |
r-patched-linux-x86_64 | 0.14.5 | 15.67 | 152.16 | 167.83 | OK | |
r-release-linux-x86_64 | 0.14.5 | 15.02 | 149.94 | 164.96 | OK | |
r-release-macos-arm64 | 0.14.5 | 117.00 | OK | |||
r-release-macos-x86_64 | 0.14.5 | 157.00 | OK | |||
r-release-windows-x86_64 | 0.14.5 | 15.00 | 157.00 | 172.00 | OK | |
r-oldrel-macos-arm64 | 0.14.5 | 66.00 | OK | |||
r-oldrel-macos-x86_64 | 0.14.5 | 113.00 | OK | |||
r-oldrel-windows-x86_64 | 0.14.5 | 20.00 | 202.00 | 222.00 | OK |
Version: 0.14.5
Check: examples
Result: NOTE
Examples with CPU (user + system) or elapsed time > 5s
user system elapsed
robdist 6.825 0.113 8.602
Flavor: r-devel-linux-x86_64-debian-clang