Last updated on 2025-04-30 04:50:06 CEST.
Flavor | Version | Tinstall | Tcheck | Ttotal | Status | Flags |
---|---|---|---|---|---|---|
r-devel-linux-x86_64-debian-clang | 1.3.0 | 13.81 | 43.58 | 57.39 | NOTE | |
r-devel-linux-x86_64-debian-gcc | 1.3.0 | 10.55 | 31.39 | 41.94 | NOTE | |
r-devel-linux-x86_64-fedora-clang | 1.3.0 | 97.33 | OK | |||
r-devel-linux-x86_64-fedora-gcc | 1.3.0 | 105.83 | OK | |||
r-devel-windows-x86_64 | 1.3.0 | 14.00 | 83.00 | 97.00 | OK | |
r-patched-linux-x86_64 | 1.3.0 | 13.77 | 41.53 | 55.30 | OK | |
r-release-linux-x86_64 | 1.3.0 | 13.19 | 41.23 | 54.42 | OK | |
r-release-macos-arm64 | 1.3.0 | 25.00 | ERROR | |||
r-release-macos-x86_64 | 1.3.0 | 86.00 | OK | |||
r-release-windows-x86_64 | 1.3.0 | 14.00 | 82.00 | 96.00 | OK | |
r-oldrel-macos-arm64 | 1.3.0 | 16.00 | ERROR | |||
r-oldrel-macos-x86_64 | 1.3.0 | 107.00 | OK | |||
r-oldrel-windows-x86_64 | 1.3.0 | 15.00 | 96.00 | 111.00 | OK |
Version: 1.3.0
Check: CRAN incoming feasibility
Result: NOTE
Maintainer: ‘Lijun Wang <szcfweiya@gmail.com>’
No Authors@R field in DESCRIPTION.
Please add one, modifying
Authors@R: person(given = "Lijun",
family = "Wang",
role = c("aut", "cre", "cph"),
email = "szcfweiya@gmail.com")
as necessary.
Flavors: r-devel-linux-x86_64-debian-clang, r-devel-linux-x86_64-debian-gcc
Version: 1.3.0
Check: whether package can be installed
Result: ERROR
Installation failed.
Flavors: r-release-macos-arm64, r-oldrel-macos-arm64