Last updated on 2025-04-30 04:50:05 CEST.
Flavor | Version | Tinstall | Tcheck | Ttotal | Status | Flags |
---|---|---|---|---|---|---|
r-devel-linux-x86_64-debian-clang | 1.0.7 | 11.22 | 105.78 | 117.00 | NOTE | |
r-devel-linux-x86_64-debian-gcc | 1.0.7 | 5.54 | 71.88 | 77.42 | NOTE | |
r-devel-linux-x86_64-fedora-clang | 1.0.7 | 163.73 | NOTE | |||
r-devel-linux-x86_64-fedora-gcc | 1.0.7 | 155.11 | NOTE | |||
r-devel-windows-x86_64 | 1.0.7 | 11.00 | 128.00 | 139.00 | NOTE | |
r-patched-linux-x86_64 | 1.0.7 | 10.88 | 96.49 | 107.37 | NOTE | |
r-release-linux-x86_64 | 1.0.7 | 10.03 | 95.62 | 105.65 | NOTE | |
r-release-macos-arm64 | 1.0.7 | 45.00 | NOTE | |||
r-release-macos-x86_64 | 1.0.7 | 83.00 | NOTE | |||
r-release-windows-x86_64 | 1.0.7 | 11.00 | 111.00 | 122.00 | NOTE | |
r-oldrel-macos-arm64 | 1.0.7 | 44.00 | NOTE | |||
r-oldrel-macos-x86_64 | 1.0.7 | 66.00 | NOTE | |||
r-oldrel-windows-x86_64 | 1.0.7 | 16.00 | 141.00 | 157.00 | NOTE |
Version: 1.0.7
Check: Rd files
Result: NOTE
checkRd: (-1) fviz_nbclust.Rd:75: Lost braces; missing escapes or markup?
75 | (2001) proposed: "the smallest k such that gap(k) >= gap(k+1) - s_{k+1}".
| ^
checkRd: (-1) fviz_nbclust.Rd:77: Lost braces; missing escapes or markup?
77 | SE.factor*s_{k+1}" where SE.factor is a numeric value which can be 1
| ^
Flavors: r-devel-linux-x86_64-debian-clang, r-devel-linux-x86_64-debian-gcc, r-devel-linux-x86_64-fedora-clang, r-devel-linux-x86_64-fedora-gcc, r-devel-windows-x86_64, r-patched-linux-x86_64, r-release-linux-x86_64, r-release-macos-arm64, r-release-macos-x86_64, r-release-windows-x86_64, r-oldrel-macos-arm64, r-oldrel-macos-x86_64, r-oldrel-windows-x86_64
Version: 1.0.7
Check: examples
Result: NOTE
Examples with CPU (user + system) or elapsed time > 5s
user system elapsed
fviz_mca 4.883 0.008 5.988
fviz_mfa 4.209 0.004 5.751
Flavor: r-devel-linux-x86_64-debian-clang