Last updated on 2025-02-21 03:52:12 CET.
Flavor | Version | Tinstall | Tcheck | Ttotal | Status | Flags |
---|---|---|---|---|---|---|
r-devel-linux-x86_64-debian-clang | 1.0 | 1.70 | 35.85 | 37.55 | OK | |
r-devel-linux-x86_64-debian-gcc | 1.0 | 1.38 | 26.92 | 28.30 | OK | |
r-devel-linux-x86_64-fedora-clang | 1.0 | 64.54 | NOTE | |||
r-devel-linux-x86_64-fedora-gcc | 1.0 | 71.84 | NOTE | |||
r-devel-macos-arm64 | 1.0 | 32.00 | OK | |||
r-devel-macos-x86_64 | 1.0 | 72.00 | OK | |||
r-devel-windows-x86_64 | 1.0 | 5.00 | 62.00 | 67.00 | OK | |
r-patched-linux-x86_64 | 1.0 | 2.04 | 33.19 | 35.23 | OK | |
r-release-linux-x86_64 | 1.0 | 1.90 | 32.25 | 34.15 | OK | |
r-release-macos-arm64 | 1.0 | 29.00 | OK | |||
r-release-macos-x86_64 | 1.0 | 58.00 | OK | |||
r-release-windows-x86_64 | 1.0 | 4.00 | 63.00 | 67.00 | OK | |
r-oldrel-macos-arm64 | 1.0 | 28.00 | OK | |||
r-oldrel-macos-x86_64 | 1.0 | 41.00 | OK | |||
r-oldrel-windows-x86_64 | 1.0 | 4.00 | 81.00 | 85.00 | OK |
Version: 1.0
Check: dependencies in R code
Result: NOTE
Namespace in Imports field not imported from: ‘dplyr’
All declared Imports should be used.
Flavors: r-devel-linux-x86_64-fedora-clang, r-devel-linux-x86_64-fedora-gcc